Brier Weather Station

:Now::Gauges::Today::Yesterday::This Month::Monthly Records::This Year::Data Summary::Records::Trends::System Info:

 Latitude N 47° 46' 49"    Longitude W 122° 16' 48"    Elevation 341 ft

Select a Year or Month report

Report for 2014 Apr
                   Monthly Climatological Summary for Apr 2014

Name: Brierweather   City: Brier   State: Wa
Elevation: 341 ft  Lat: N 47 46' 49"   Lon: W 122 16' 48"

                  Temperature (F), Rain (in), Wind Speed (mph)

                                      Heat  Cool        Avg
    Mean                              Deg   Deg         Wind                 Dom
Day Temp  High   Time   Low    Time   Days  Days  Rain  Speed High   Time    Dir
----------------------------------------------------------------------------------
 1  49.2  59.6   3:07p  41.5  11:28p  15.8   0.0  0.00   1.4  11.0  12:46p     W
 2  48.3  57.0   5:23p  40.6   2:38a  16.7   0.0  0.00   0.2   6.0   1:51p     S
 3  47.3  56.8   1:36p  41.2   6:48a  17.7   0.0  0.16   0.3  11.0   2:38p    SW
 4  49.4  58.2   3:12p  44.5  11:45p  15.6   0.0  0.00   0.9  13.0  12:26p   WSW
 5  48.8  52.1   3:06p  44.5  12:00a  16.2   0.0  0.08   0.1  12.0   9:34p    NW
 6  50.8  55.7   3:54p  46.6   7:25a  13.3   0.0  0.03   0.1   5.0  11:57a     N
 7  58.1  70.9   2:58p  49.9   6:39a   7.9   1.0  0.00   0.4   8.0   4:57p    SW
 8  52.6  62.4   1:34p  46.5  11:58p  12.4   0.0  0.24   0.5  10.0  10:18p   WSW
 9  48.0  58.9   3:16p  39.1   6:19a  17.0   0.0  0.01   0.9  10.0   4:15p   WNW
10  48.4  57.3   1:44p  38.7   6:22a  16.6   0.0  0.00   1.2  11.0  11:05a   WNW
11  49.5  61.9   1:43p  38.7   6:46a  15.5   0.0  0.00   0.7  10.0   8:05p    NW
12  49.3  59.4   2:30p  39.8   5:39a  15.7   0.0  0.00   1.6  13.0  12:23p     W
13  51.8  67.5   2:01p  37.2   6:28a  13.3   0.1  0.00   1.0  10.0   1:52p     W
14  51.9  69.0   2:19p  38.2   6:22a  13.3   0.2  0.00   1.1  15.0   4:29p     W
15  51.4  60.0   3:28p  42.7   6:56a  13.6   0.0  0.00   0.7  13.0   4:33p    SW
16  50.4  54.0   1:09p  48.5   6:58a  14.6   0.0  0.30   0.2   9.0   1:20p    SE
17  50.3  53.6  12:30p  45.2  11:59p  14.7   0.0  0.59   0.3  10.0  11:49a    NE
18  47.4  55.3  12:25p  41.0  11:56p  17.6   0.0  0.02   0.4   7.0  11:14a    SW
19  45.6  53.9  10:48a  37.7   3:16a  19.4   0.0  0.17   0.7  14.0  10:50a   WSW
20  51.1  59.8   4:36p  44.4  12:00a  13.9   0.0  0.00   0.5   9.0  10:39a    SW
21  50.7  62.4   3:18p  44.0  12:38a  14.3   0.0  0.07   0.9  13.0   7:22p     W
22  46.7  55.9   1:43p  41.0   7:19a  18.3   0.0  0.58   0.8  11.0   3:59p    SW
23  48.0  53.2  12:59p  43.6   6:04a  17.0   0.0  0.13   0.4   9.0  12:26p     S
24  51.1  57.2   1:21p  45.1  11:16p  13.9   0.0  0.27   1.1  15.0   8:31a    SW
25  47.9  59.7   2:44p  38.8   5:56a  17.1   0.0  0.00   1.3  14.0   5:55p   WSW
26  48.7  58.9   2:51p  40.1   1:55a  16.3   0.0  0.15   0.8  17.0   6:19p    SW
27  48.4  57.7   2:33p  43.1  11:40p  16.6   0.0  0.03   1.3  13.0   1:56p   WSW
28  50.8  62.2   2:58p  43.8   3:28a  14.2   0.0  0.00   0.6   8.0   2:40p    SW
29  58.5  76.5   3:05p  42.7   4:25a   8.9   2.4  0.00   0.6   9.0   3:48p   WSW
30  62.7  80.9   2:41p  45.4   5:48a   6.6   4.3  0.00   0.9  10.0   3:48p     W
----------------------------------------------------------------------------------
    50.4  80.9    30    37.2    13   444.0   8.0  2.83   0.7  17.0    26     WSW

Max >=  80.0:  1
Max <=  32.0:  0
Min <=  32.0:  0
Min <=   0.0:  0
Max Rain: 0.59 on day 17
Days of Rain: 15 (>= 0.01 in)  9 (>= 0.10 in)  0 (>= 1.00 in)
Heat Base: 65.0  Cool Base: 65.0  Method: Integration
:Now::Gauges::Today::Yesterday::This Month::Monthly Records::This Year::Data Summary::Records::Trends::System Info: