Brier Weather Station

:Now::Gauges::Today::Yesterday::This Month::Monthly Records::This Year::Data Summary::Records::Trends::System Info:

 Latitude N 47° 46' 49"    Longitude W 122° 16' 48"    Elevation 341 ft

Select a Year or Month report

Report for 2014 Mar
                   Monthly Climatological Summary for Mar 2014

Name: Brierweather   City: Brier   State: Wa
Elevation: 341 ft  Lat: N 47 46' 49"   Lon: W 122 16' 48"

                  Temperature (F), Rain (in), Wind Speed (mph)

                                      Heat  Cool        Avg
    Mean                              Deg   Deg         Wind                 Dom
Day Temp  High   Time   Low    Time   Days  Days  Rain  Speed High   Time    Dir
----------------------------------------------------------------------------------
 1  39.6  42.8   9:32a  36.0   2:39p  25.4   0.0  0.02   0.7   7.0   2:59a    SE
 2  39.4  45.4  11:59p  35.9   2:12a  25.6   0.0  0.65   0.3   6.0   7:23a     E
 3  48.4  53.6   3:22p  45.4  12:00a  16.6   0.0  0.24   0.8  14.0   5:13p    SW
 4  47.0  51.3   3:12p  41.4   6:28a  18.0   0.0  0.28   0.1   8.0   5:19p   NNW
 5  52.1  58.0  12:19p  48.7   6:11a  12.9   0.0  1.08   0.4  14.0   1:13p    SW
 6  49.8  52.7  12:53p  48.1   6:58a  15.2   0.0  0.39   0.9  15.0  12:59a    SW
 7  49.4  56.5   3:08p  41.1  11:55p  15.6   0.0  0.00   0.3  10.0   4:35a     S
 8  46.8  52.8  10:46p  39.0   2:23a  18.1   0.0  0.67   0.1   9.0  11:47p   ENE
 9  51.9  57.8   2:59p  47.9  11:23p  12.6   0.0  0.21   0.5  15.0   1:04a   WSW
10  46.7  50.8  12:52p  43.1   8:31p  18.3   0.0  0.27   0.9  13.0  11:13a   WSW
11  45.1  55.5   3:42p  36.5   7:33a  19.9   0.0  0.00   0.4   9.0   5:11p   WNW
12  45.3  58.6   4:28p  34.3   7:40a  19.7   0.0  0.00   0.5   8.0  12:12p     W
13  46.5  56.0   3:31p  36.5   6:42a  18.5   0.0  0.02   0.2   8.0   1:47p     S
14  49.8  57.8   1:07p  42.3  11:58p  15.2   0.0  0.12   0.7  12.0   2:00p   NNW
15  48.6  58.3   3:28p  39.8   2:57a  16.4   0.0  0.11   0.5  11.0  10:04p   SSE
16  46.1  51.5  12:00a  41.7  10:51p  18.9   0.0  1.18   0.2  13.0   6:09p     N
17  42.0  50.0   3:37p  37.0  10:55p  23.0   0.0  0.05   0.8  10.0  12:03a     W
18  44.0  48.7   1:21p  38.0  12:00a  21.0   0.0  0.00   0.2   6.0  11:03a   SSW
19  43.6  51.2   1:40p  35.4  11:59p  21.4   0.0  0.74   0.7  14.0   9:32a     W
20  39.0  49.7   1:23p  31.9   7:16a  26.0   0.0  0.00   0.5   9.0   3:12p     W
21  40.7  50.7   2:59p  34.0   7:48a  24.3   0.0  0.00   1.4  13.0   4:48p     W
22  40.7  51.4   2:12p  30.5   7:02a  24.2   0.0  0.00   0.2   7.0   7:24p     W
23  45.2  53.9   1:41p  37.6   6:36a  19.8   0.0  0.00   1.2  10.0   1:17a     W
24  51.2  68.8   3:28p  37.6   6:32a  14.2   0.4  0.00   0.3   8.0   5:44p   WSW
25  49.9  55.8   3:15p  45.9  11:19p  15.1   0.0  0.20   0.6  16.0   8:44p     W
26  46.0  51.7   2:59p  38.4   6:58a  19.0   0.0  0.10   0.2   5.0   1:07a    SW
27  47.5  55.8   2:30p  42.6   2:24a  17.5   0.0  0.03   0.2   8.0   5:22p    SW
28  47.5  51.7   5:21p  44.3   6:43a  17.5   0.0  0.24   0.1   7.0   9:15p     E
29  46.5  51.6   3:01p  43.5   8:09p  18.5   0.0  0.68   0.3  11.0   7:20p   ESE
30  46.3  55.7   2:59p  38.3  11:36p  18.7   0.0  0.01   0.7  11.0  10:15a    SW
31  45.9  59.8   2:04p  33.4   6:37a  19.1   0.0  0.00   1.3  10.0   2:40p     W
----------------------------------------------------------------------------------
    46.1  68.8    24    30.5    22   586.2   0.4  7.29   0.5  16.0    25     WSW

Max >=  80.0:  0
Max <=  32.0:  0
Min <=  32.0:  2
Min <=   0.0:  0
Max Rain: 1.18 on day 16
Days of Rain: 21 (>= 0.01 in)  16 (>= 0.10 in)  2 (>= 1.00 in)
Heat Base: 65.0  Cool Base: 65.0  Method: Integration
:Now::Gauges::Today::Yesterday::This Month::Monthly Records::This Year::Data Summary::Records::Trends::System Info: