Brier Weather Station

:Now::Gauges::Today::Yesterday::This Month::Monthly Records::This Year::Data Summary::Records::Trends::System Info:

 Latitude N 47° 46' 49"    Longitude W 122° 16' 48"    Elevation 341 ft

Select a Year or Month report

Report for 2014 Jan
                   Monthly Climatological Summary for Jan 2014

Name: Brierweather   City: Brier   State: Wa
Elevation: 341 ft  Lat: N 47 46' 49"   Lon: W 122 16' 48"

                  Temperature (F), Rain (in), Wind Speed (mph)

                                      Heat  Cool        Avg
    Mean                              Deg   Deg         Wind                 Dom
Day Temp  High   Time   Low    Time   Days  Days  Rain  Speed High   Time    Dir
----------------------------------------------------------------------------------
 1  39.5  44.1  12:52p  34.2   8:10a  25.4   0.0  0.01   0.1   4.0   2:57p   WSW
 2  44.1  48.5   4:56p  40.5  12:00a  20.9   0.0  0.23   0.3  10.0   4:27p     N
 3  38.4  44.2   3:28p  33.7   5:04a  26.6   0.0  0.01   0.2  13.0  12:09a     W
 4  34.9  41.9   1:41p  30.2  11:56p  30.1   0.0  0.01   0.1   6.0  12:14p     W
 5  34.0  42.5   2:04p  27.7   7:57a  31.0   0.0  0.00   0.3   6.0  11:38a   WNW
 6  34.9  38.4   2:37p  30.5   7:18a  30.1   0.0  0.00   0.1   5.0   4:09a    SW
 7  42.4  45.4   2:13p  37.8  12:00a  22.6   0.0  0.37   0.0   3.0   9:20p     E
 8  46.2  48.2   2:53p  44.7   1:22a  18.8   0.0  0.40   0.2   9.0   8:41p   ENE
 9  43.2  46.0   8:03p  38.9   6:37a  21.8   0.0  0.07   0.1   7.0   2:49p   ESE
10  46.6  49.0  11:33p  45.3  12:22a  18.4   0.0  0.20   0.8  14.0   5:33a   WSW
11  45.2  51.6   3:27a  39.7  11:43p  19.8   0.0  0.91   1.8  26.0   2:40p   WSW
12  44.2  49.2  11:53p  39.7   2:27a  20.8   0.0  0.07   0.2  10.0   8:45a    NE
13  49.4  52.1   2:26p  47.4   6:16p  15.6   0.0  0.00   0.6  12.0   4:55a    SW
14  47.3  50.3   2:18p  43.2   7:23p  17.7   0.0  0.00   0.0   4.0   2:48p   WSW
15  44.8  49.8  12:45p  39.1   8:36p  20.1   0.0  0.00   0.2   6.0  10:55p    NW
16  41.4  43.7   2:23p  39.6  11:43p  23.6   0.0  0.00   0.5   7.0   2:29a   NNW
17  40.0  42.2   2:11p  38.6   7:54a  25.0   0.0  0.00   0.5   7.0   9:05a   NNW
18  38.0  42.5   2:28p  33.5  11:50p  27.0   0.0  0.00   0.1   8.0  10:50a     W
19  39.3  42.4  12:53p  32.9   1:41a  25.7   0.0  0.00   0.2   8.0   2:26p     N
20  39.7  46.5   1:28p  33.6  11:51p  25.3   0.0  0.00   0.4   7.0   2:34p    NW
21  37.7  44.4   5:41p  31.5   5:21a  27.3   0.0  0.00   0.1   7.0   4:55p   WSW
22  43.8  47.3  12:34p  39.7  12:00a  21.2   0.0  0.01   0.4  11.0   8:11p   NNW
23  41.0  46.3   3:19p  35.9   8:11p  24.0   0.0  0.00   0.9  10.0   1:39p   NNW
24  39.3  51.8   1:32p  32.6   6:01a  25.7   0.0  0.00   0.3   5.0  12:15p     W
25  37.6  48.5   2:11p  31.5   3:16a  27.4   0.0  0.01   0.0   2.0  11:36a   ---
26  36.0  43.9   3:42p  31.0   5:49a  29.0   0.0  0.00   0.5   7.0  11:40a     W
27  36.5  42.3   2:57p  31.4   7:43a  28.5   0.0  0.00   0.0   4.0   2:00a   NNE
28  43.7  47.9   3:02p  39.5  12:00a  21.3   0.0  0.27   0.0   2.0   1:12p   ---
29  45.0  48.8  11:22a  41.3   8:02p  20.0   0.0  0.81   0.5  12.0   2:21p     W
30  43.2  45.4   1:19p  41.6  10:14p  21.8   0.0  0.03   0.4  11.0   2:05p    SW
31  40.4  43.3   3:55p  35.4   8:46p  24.6   0.0  0.07   0.7   9.0   7:46a   WSW
----------------------------------------------------------------------------------
    41.2  52.1    13    27.7     5   737.1   0.0  3.48   0.3  26.0    11       W

Max >=  80.0:  0
Max <=  32.0:  0
Min <=  32.0:  7
Min <=   0.0:  0
Max Rain: 0.91 on day 11
Days of Rain: 16 (>= 0.01 in)  7 (>= 0.10 in)  0 (>= 1.00 in)
Heat Base: 65.0  Cool Base: 65.0  Method: Integration
:Now::Gauges::Today::Yesterday::This Month::Monthly Records::This Year::Data Summary::Records::Trends::System Info: