Brier Weather Station

:Now::Gauges::Today::Yesterday::This Month::Monthly Records::This Year::Data Summary::Records::Trends::System Info:

 Latitude N 47° 46' 49"    Longitude W 122° 16' 48"    Elevation 341 ft

Select a Year or Month report

Report for 2013 Dec
                   Monthly Climatological Summary for Dec 2013

Name: Brierweather   City: Brier   State: Wa
Elevation: 341 ft  Lat: N 47 46' 49"   Lon: W 122 16' 48"

                  Temperature (F), Rain (in), Wind Speed (mph)

                                      Heat  Cool        Avg
    Mean                              Deg   Deg         Wind                 Dom
Day Temp  High   Time   Low    Time   Days  Days  Rain  Speed High   Time    Dir
----------------------------------------------------------------------------------
 1  49.7  52.5   7:36a  40.9  11:58p  15.3   0.0  0.24   0.9  13.0   5:03a     W
 2  38.3  41.3   2:05p  35.5   8:08p  26.7   0.0  0.06   0.1   6.0  12:01a   WSW
 3  33.0  37.2   1:50p  26.3  11:58p  32.1   0.0  0.00   1.2  12.0   9:19a     W
 4  27.2  34.7   2:51p  23.2   8:07a  37.8   0.0  0.00   0.1   3.0  12:18p   WNW
 5  26.0  32.5   1:34p  20.6   5:28a  39.0   0.0  0.00   0.0   2.0   1:06p     E
 6  25.0  31.3   1:32p  19.2   5:38a  40.0   0.0  0.00   0.8  11.0   2:03p    NE
 7  21.4  27.9   2:25p  14.7  11:09p  43.6   0.0  0.00   0.5  12.0  12:19a     N
 8  22.3  30.7   3:02p  14.1   1:26a  42.7   0.0  0.00   0.1   4.0   2:09p     W
 9  27.2  32.2   3:26p  17.6   2:52a  37.8   0.0  0.00   0.0   3.0   4:33a   ENE
10  34.1  37.6   2:13p  31.2  12:00a  30.9   0.0  0.00   0.0   2.0   8:53a     E
11  32.3  39.9   1:02p  27.4   8:01a  32.7   0.0  0.00   0.0   2.0  10:28a   ESE
12  37.3  41.9  12:53p  30.7   1:51a  27.7   0.0  0.11   0.0   7.0  11:26a    SE
13  44.4  46.3  10:09p  41.9  12:00a  20.6   0.0  0.01   0.0   5.0   8:38a   SSW
14  45.4  47.4  10:21p  42.7   7:44a  19.6   0.0  0.00   0.0   5.0   1:43p    SE
15  47.3  49.0   2:39p  45.3  11:58p  17.7   0.0  0.12   0.2   8.0  11:32a    SW
16  41.7  46.0  11:19a  36.5  10:30p  23.3   0.0  0.00   0.0   2.0   3:39a   SSW
17  40.4  42.9   9:25p  38.0  12:00a  24.6   0.0  0.00   0.0   7.0   4:01p     E
18  40.6  44.0  12:19p  34.7  11:58p  24.4   0.0  0.00   0.9  15.0  12:01p   WNW
19  32.4  37.1   2:24p  27.4   8:20a  32.6   0.0  0.01   0.1   9.0   2:01a   WSW
20  35.2  39.2  11:59p  31.3  12:00a  29.8   0.0  0.26   0.1  11.0   1:05p   NNE
21  41.2  43.0   3:06p  39.0   7:58a  23.8   0.0  0.13   0.0   4.0   1:57a   WSW
22  46.4  48.9   7:08p  42.3  12:00a  18.6   0.0  0.33   0.0   7.0  11:31p     E
23  46.1  50.4  12:24p  38.6  11:51p  18.9   0.0  0.07   0.8  13.0   7:35a   WSW
24  36.9  45.4   2:07p  31.7  11:51p  28.1   0.0  0.00   0.1   6.0   2:07p     N
25  33.1  37.5   2:17p  29.8   6:07a  31.9   0.0  0.01   0.0   2.0   7:44a     E
26  35.9  41.5   2:02p  32.8   9:31p  29.1   0.0  0.00   0.0   2.0  10:45a     E
27  37.7  43.9   2:18p  32.2   5:20a  27.3   0.0  0.04   0.0   4.0   9:17a   WNW
28  41.3  45.5  11:39a  34.4   9:56p  23.7   0.0  0.00   0.0   5.0   3:27p     W
29  39.0  42.2   1:45p  35.0  12:00a  26.0   0.0  0.01   0.0   3.0  11:12a   WSW
30  40.5  43.1   2:18p  37.9   5:32a  24.5   0.0  0.01   0.1   8.0   9:45a   SSW
31  42.4  45.9   2:53p  36.6  11:06p  22.6   0.0  0.00   0.0   3.0   5:11a   SSW
----------------------------------------------------------------------------------
    36.8  52.5     1    14.1     8   873.4   0.0  1.41   0.2  15.0    18     WNW

Max >=  80.0:  0
Max <=  32.0:  3
Min <=  32.0: 14
Min <=   0.0:  0
Max Rain: 0.33 on day 22
Days of Rain: 14 (>= 0.01 in)  6 (>= 0.10 in)  0 (>= 1.00 in)
Heat Base: 65.0  Cool Base: 65.0  Method: Integration
:Now::Gauges::Today::Yesterday::This Month::Monthly Records::This Year::Data Summary::Records::Trends::System Info: