Brier Weather Station

:Now::Gauges::Today::Yesterday::This Month::Monthly Records::This Year::Data Summary::Records::Trends::System Info:

 Latitude N 47° 46' 49"    Longitude W 122° 16' 48"    Elevation 341 ft

Select a Year or Month report

Report for 2013 Nov
                   Monthly Climatological Summary for Nov 2013

Name: Brierweather   City: Brier   State: Wa
Elevation: 341 ft  Lat: N 47 46' 49"   Lon: W 122 16' 48"

                  Temperature (F), Rain (in), Wind Speed (mph)

                                      Heat  Cool        Avg
    Mean                              Deg   Deg         Wind                 Dom
Day Temp  High   Time   Low    Time   Days  Days  Rain  Speed High   Time    Dir
----------------------------------------------------------------------------------
 1  52.5  58.9   3:46p  47.1  12:07a  12.5   0.0  0.00   0.0   4.0  10:04p   WSW
 2  48.2  52.5   1:50a  42.7  11:41p  16.8   0.0  0.65   0.8  18.0  10:46a   WSW
 3  42.1  49.1   1:52p  37.5   7:02a  23.9   0.0  0.00   0.3   6.0  12:15a   WSW
 4  41.1  47.8   1:47p  33.3   6:16a  23.9   0.0  0.05   0.0   3.0  11:21a    SE
 5  45.8  49.7  12:21p  42.3  12:00a  19.2   0.0  0.12   0.2   6.0   1:29p   WSW
 6  46.0  49.7   2:06p  40.9   7:13a  19.0   0.0  0.03   0.0   2.0   1:46p     E
 7  48.6  49.7   8:50a  47.6  12:11a  16.4   0.0  0.63   0.5  14.0  10:16a   ENE
 8  46.1  50.5  12:59p  39.0  10:53p  18.9   0.0  0.01   0.0   6.0   1:10p   WSW
 9  43.7  51.1   1:48p  36.2   7:11a  21.3   0.0  0.02   0.1   4.0  10:24a     W
10  46.3  48.5   1:09p  44.2   3:56a  18.7   0.0  0.05   0.6   8.0   9:44a   WNW
11  47.1  56.5   1:25p  42.1   5:39a  17.9   0.0  0.04   0.1   4.0  11:34a   WSW
12  50.6  55.7   3:02p  42.6  12:15a  14.4   0.0  0.04   0.1   9.0   7:45p   ENE
13  50.8  54.0   2:55p  47.1   5:51p  14.2   0.0  0.01   0.1   7.0  12:29a    SW
14  47.3  49.9  12:14p  42.8   6:23p  17.7   0.0  0.01   0.3   6.0  11:31a   WSW
15  45.5  47.3  10:04p  43.5   7:44a  19.5   0.0  0.01   0.7  16.0   5:43p     W
16  43.1  47.7   1:41p  38.2   7:51a  21.9   0.0  0.26   0.1   7.0  12:03a    SW
17  46.9  51.4   2:12p  41.2   1:56a  18.1   0.0  0.00   0.8  11.0   1:58p    SW
18  49.5  51.1  11:57p  46.7   3:28a  15.5   0.0  0.41   0.1   7.0  10:46a   ESE
19  43.7  52.3   1:26a  37.9  11:58p  21.3   0.0  0.13   1.4  15.0   1:27a   NNW
20  34.3  40.7   2:22p  29.3  11:55p  30.7   0.0  0.00   0.6  12.0   1:44p   NNW
21  32.2  40.9   2:31p  26.5   7:05a  32.8   0.0  0.00   0.4   8.0  11:58a   WNW
22  34.8  42.5   2:32p  27.9   7:37a  30.1   0.0  0.00   0.3   7.0   4:44a     W
23  37.2  47.6  12:38p  30.0   5:27a  27.8   0.0  0.00   0.3   7.0   1:20p   WSW
24  37.7  47.5   1:27p  31.5   6:44a  27.3   0.0  0.01   0.3   7.0  10:12a   WNW
25  37.9  48.8   1:59p  31.2   7:00a  27.1   0.0  0.00   0.0   3.0  12:02p   ESE
26  39.4  47.3   2:14p  31.5   4:47a  25.6   0.0  0.00   0.0   2.0   8:15a   ESE
27  42.9  51.9   2:04p  35.3  11:58p  22.1   0.0  0.01   0.2   5.0   9:20a     W
28  38.0  47.4   1:42p  32.4   7:27a  27.0   0.0  0.00   0.0   2.0   6:01a   WSW
29  42.6  47.1  12:04p  35.5  12:13a  22.4   0.0  0.00   0.0   3.0  11:19a   WSW
30  48.2  50.2   8:35p  45.8   5:59a  16.8   0.0  0.07   0.1   8.0   9:19p     E
----------------------------------------------------------------------------------
    43.7  58.9     1    26.5    21   640.8   0.0  2.56   0.3  18.0     2     WNW

Max >=  80.0:  0
Max <=  32.0:  0
Min <=  32.0:  7
Min <=   0.0:  0
Max Rain: 0.65 on day 2
Days of Rain: 19 (>= 0.01 in)  6 (>= 0.10 in)  0 (>= 1.00 in)
Heat Base: 65.0  Cool Base: 65.0  Method: Integration
:Now::Gauges::Today::Yesterday::This Month::Monthly Records::This Year::Data Summary::Records::Trends::System Info: