Brier Weather Station

:Now::Gauges::Today::Yesterday::This Month::Monthly Records::This Year::Data Summary::Records::Trends::System Info:

 Latitude N 47° 46' 49"    Longitude W 122° 16' 48"    Elevation 341 ft

Select a Year or Month report

Report for 2013 Sep
                   Monthly Climatological Summary for Sep 2013

Name: Brierweather   City: Brier   State: Wa
Elevation: 341 ft  Lat: N 47 46' 49"   Lon: W 122 16' 48"

                  Temperature (F), Rain (in), Wind Speed (mph)

                                      Heat  Cool        Avg
    Mean                              Deg   Deg         Wind                 Dom
Day Temp  High   Time   Low    Time   Days  Days  Rain  Speed High   Time    Dir
----------------------------------------------------------------------------------
 1  66.2  78.6   2:51p  55.3   6:29a   3.1   4.3  0.00   0.4  10.0   1:32p    SW
 2  67.6  80.2   2:35p  56.8   5:50a   2.4   5.1  0.00   0.7  11.0   4:35p   WSW
 3  63.6  70.5   4:35p  59.4  11:56p   2.3   0.9  0.18   0.3   5.0  10:41a   WSW
 4  62.7  69.5   4:53p  57.6   4:39a   3.0   0.7  0.04   0.6   8.0   1:31p     W
 5  61.0  66.4   2:47p  56.8   3:41a   4.0   0.0  0.47   0.7  10.0   1:51p     W
 6  63.0  68.3   4:00p  60.4   2:11a   2.5   0.5  1.21   0.1   6.0   5:20p    SW
 7  63.6  71.7   3:09p  58.4  11:55p   2.4   1.0  0.00   0.5   9.0   4:22p   WSW
 8  64.2  76.3   2:30p  54.6   6:46a   3.7   3.0  0.00   0.5   9.0   1:48p   WSW
 9  63.9  76.9   3:12p  57.4   4:29a   3.6   2.5  0.00   0.7  10.0   4:23p     W
10  64.4  75.5   2:08p  55.9   4:11a   3.3   2.7  0.00   1.0  11.0  12:44p    NW
11  70.7  89.3   2:09p  57.6   4:48a   1.9   7.7  0.00   0.4   8.0   3:42p     W
12  66.0  78.5   2:48p  57.2   6:58a   2.3   3.3  0.00   0.6   8.0   2:36p   WSW
13  62.2  66.3   4:02p  56.8   3:43a   2.9   0.2  0.00   0.1   5.0   2:02p   WSW
14  63.1  68.5   5:45p  58.3  11:57p   2.4   0.5  0.00   0.7   6.0  12:49p   WSW
15  60.6  64.2   3:58p  57.7   5:12a   4.4   0.0  0.30   0.2   6.0   1:14p   WSW
16  60.6  65.3   1:44p  56.7  11:51p   4.4   0.0  0.02   0.5   8.0  11:48a   WSW
17  57.4  61.6   1:50p  52.7  11:56p   7.6   0.0  0.01   0.2   6.0  12:46p   WSW
18  57.3  68.2   2:01p  50.3  11:54p   7.9   0.1  0.00   0.3   9.0  12:47p    SW
19  59.0  76.4   3:15p  45.6   7:08a   8.4   2.4  0.00   0.2   5.0   9:54a   WSW
20  59.8  75.4   2:55p  49.2   6:53a   6.8   1.7  0.09   0.4  12.0   4:28p   WSW
21  59.6  68.1   3:12p  53.6   6:31a   5.6   0.2  0.00   0.5   9.0  11:34a   WSW
22  57.8  60.9   5:49p  55.7   1:37p   7.2   0.0  0.15   0.7  15.0   4:16p   ENE
23  55.8  63.1   3:11p  50.0  11:28p   9.2   0.0  0.18   0.7  10.0   2:41p    NW
24  54.5  64.5   2:52p  49.4   3:08a  10.5   0.0  0.04   0.5  11.0   2:01p   WSW
25  51.5  57.0   3:07p  44.5  11:58p  13.5   0.0  0.03   0.9  11.0  10:50a     W
26  49.7  61.2   1:19p  41.7   6:30a  15.3   0.0  0.00   0.4   8.0   3:21p   WSW
27  53.4  56.2   1:23p  45.8  12:01a  11.6   0.0  0.06   0.4   8.0  12:54p     N
28  55.7  59.6   1:49p  51.7  11:36p   9.3   0.0  1.01   0.8  13.0  12:20p     E
29  52.7  54.5  11:44a  50.9  11:06p  12.3   0.0  0.80   1.0  15.0   9:30p   ENE
30  52.4  58.0   3:20p  48.6   3:03a  12.6   0.0  0.02   1.2  13.0   1:45p     W
----------------------------------------------------------------------------------
    60.0  89.3    11    41.7    26   186.4  36.8  4.61   0.5  15.0    22       W

Max >=  80.0:  2
Max <=  32.0:  0
Min <=  32.0:  0
Min <=   0.0:  0
Max Rain: 1.21 on day 6
Days of Rain: 16 (>= 0.01 in)  8 (>= 0.10 in)  2 (>= 1.00 in)
Heat Base: 65.0  Cool Base: 65.0  Method: Integration
:Now::Gauges::Today::Yesterday::This Month::Monthly Records::This Year::Data Summary::Records::Trends::System Info: