Brier Weather Station

:Now::Gauges::Today::Yesterday::This Month::Monthly Records::This Year::Data Summary::Records::Trends::System Info:

 Latitude N 47° 46' 49"    Longitude W 122° 16' 48"    Elevation 341 ft

Select a Year or Month report

Report for 2013 Aug
                   Monthly Climatological Summary for Aug 2013

Name: Brierweather   City: Brier   State: Wa
Elevation: 341 ft  Lat: N 47 46' 49"   Lon: W 122 16' 48"

                  Temperature (F), Rain (in), Wind Speed (mph)

                                      Heat  Cool        Avg
    Mean                              Deg   Deg         Wind                 Dom
Day Temp  High   Time   Low    Time   Days  Days  Rain  Speed High   Time    Dir
----------------------------------------------------------------------------------
 1  61.3  66.7   3:48p  56.2   6:08a   3.9   0.2  0.00   0.5   7.0   5:06a   WSW
 2  59.6  60.5   1:04a  57.7   6:15a   5.4   0.0  0.25   0.1   7.0   3:26a   SSE
 3  63.8  73.1   4:45p  58.8   6:49a   2.9   1.7  0.02   0.8   9.0   5:24p   WNW
 4  66.4  78.3   4:17p  55.0   6:33a   2.8   4.2  0.00   1.4  11.0   1:03p   WSW
 5  67.9  82.4   2:37p  55.2   5:58a   2.7   5.6  0.00   0.9   9.0   4:33p     W
 6  67.6  83.6   3:10p  52.5   6:01a   3.3   5.9  0.00   0.8   8.0   2:02p     W
 7  67.9  83.5   2:42p  54.3   6:35a   3.0   5.9  0.00   0.9   9.0   2:20p     W
 8  66.3  80.4   2:54p  56.1   5:58a   2.7   4.0  0.00   0.8  10.0   2:51p     W
 9  67.4  79.9   2:22p  55.4   6:19a   2.6   5.1  0.00   0.9   9.0   1:14p   WSW
10  67.1  78.2   4:34p  60.1   7:36a   1.0   3.1  0.10   0.8  10.0   1:38p   WSW
11  65.2  76.5   3:13p  57.9   6:02a   2.2   2.5  0.00   0.8   9.0   2:37p   WSW
12  65.3  77.3   2:34p  56.7   2:29a   2.8   3.0  0.00   0.8   7.0  12:09p   WSW
13  65.8  79.9   2:52p  53.8   5:57a   3.2   4.1  0.00   0.8  10.0   3:54p     W
14  66.3  80.0   1:39p  54.4   5:24a   2.9   4.2  0.02   0.2   9.0   1:47p   WSW
15  65.8  69.4   1:56p  60.8  11:57p   0.6   1.4  0.04   0.0   4.0  12:02a     W
16  69.6  83.0   3:13p  60.2   1:55a   1.1   5.7  0.00   0.6   7.0  12:47p    SW
17  67.5  76.1   3:16p  59.5  11:59p   1.0   3.5  0.00   0.8   9.0   2:05p   WSW
18  64.8  77.0   1:55p  57.8   1:03a   2.7   2.5  0.00   1.1  13.0   1:06p   WSW
19  65.6  78.1   2:48p  58.4   1:10a   2.5   3.1  0.00   1.1  12.0   5:48p     W
20  64.0  74.0   2:18p  55.0   6:29a   3.1   2.1  0.00   1.5  14.0  11:14p     W
21  63.8  77.9   2:02p  49.4   6:01a   5.0   3.8  0.00   1.4  13.0   2:11p     W
22  66.8  82.7   3:17p  53.4   6:25a   3.5   5.3  0.00   0.7   8.0   9:49a   WSW
23  66.5  74.9   3:23p  61.6   4:23a   0.9   2.4  0.00   0.8   9.0   8:58a    SW
24  64.7  73.0   1:07p  58.9  11:58p   1.9   1.6  0.01   0.7   7.0   4:11p   WSW
25  61.0  70.7  12:12p  50.5   6:43a   5.1   1.0  0.01   0.5   9.0  11:53a     W
26  64.2  76.6   3:08p  57.3   3:28a   2.9   2.1  0.03   0.6  12.0   2:11p   WSW
27  67.4  78.7   1:12p  60.6  12:00a   1.4   3.8  0.02   0.7   8.0   6:54p   WSW
28  67.4  76.6   3:43p  60.2   5:29a   1.7   4.1  0.13   0.2   7.0   1:58p   WSW
29  66.2  72.3   2:19p  63.7   3:15a   0.3   1.5  0.78   0.1   9.0   7:34p    SW
30  66.0  76.1   3:17p  59.2   6:15a   1.8   2.8  0.00   0.7   8.0   4:00p   WSW
31  63.8  76.0   2:38p  52.7   6:49a   3.9   2.8  0.00   1.2  10.0   1:31p     W
----------------------------------------------------------------------------------
    65.6  83.6     6    49.4    21    80.8  99.0  1.41   0.8  14.0    20     WSW

Max >=  80.0:  7
Max <=  32.0:  0
Min <=  32.0:  0
Min <=   0.0:  0
Max Rain: 0.78 on day 29
Days of Rain: 11 (>= 0.01 in)  4 (>= 0.10 in)  0 (>= 1.00 in)
Heat Base: 65.0  Cool Base: 65.0  Method: Integration
:Now::Gauges::Today::Yesterday::This Month::Monthly Records::This Year::Data Summary::Records::Trends::System Info: