Brier Weather Station

:Now::Gauges::Today::Yesterday::This Month::Monthly Records::This Year::Data Summary::Records::Trends::System Info:

 Latitude N 47° 46' 49"    Longitude W 122° 16' 48"    Elevation 341 ft

Select a Year or Month report

Report for 2013 Jul
                   Monthly Climatological Summary for Jul 2013

Name: Brierweather   City: Brier   State: Wa
Elevation: 341 ft  Lat: N 47 46' 49"   Lon: W 122 16' 48"

                  Temperature (F), Rain (in), Wind Speed (mph)

                                      Heat  Cool        Avg
    Mean                              Deg   Deg         Wind                 Dom
Day Temp  High   Time   Low    Time   Days  Days  Rain  Speed High   Time    Dir
----------------------------------------------------------------------------------
 1  72.7  84.5   3:10p  61.1   5:53a   0.5   8.2  0.00   1.2  11.0   6:23p   WNW
 2  67.8  78.3   3:10p  58.2   5:47a   1.4   4.1  0.00   1.1  11.0  12:46p    NW
 3  65.4  75.7   4:01p  58.2   4:25a   2.5   2.9  0.00   1.6  10.0  12:49p   WNW
 4  61.8  71.5   4:06p  55.4   3:58a   4.4   1.1  0.00   0.6   9.0   3:47p   WSW
 5  62.6  74.3   3:59p  52.4   3:15a   4.5   2.1  0.00   0.7   7.0   3:39p   WSW
 6  64.6  77.0   3:19p  52.5   5:43a   3.8   3.4  0.00   1.6  10.0  11:52a     W
 7  64.9  76.2   4:56p  54.1   6:01a   3.1   3.1  0.00   0.6   8.0  11:44a    SW
 8  65.6  78.2   3:26p  56.7   5:38a   3.0   3.6  0.00   1.0   8.0  11:18a   WSW
 9  67.5  80.8   3:29p  55.0   5:49a   2.6   5.1  0.00   1.4  10.0   1:27p     W
10  62.5  72.6   3:59p  54.4   4:51a   3.7   1.2  0.00   1.0   9.0  11:20a     W
11  59.5  70.1   3:02p  55.0   8:16a   5.5   0.0  0.00   0.9  10.0   1:08a   WNW
12  58.4  67.0   4:32p  50.5   4:12a   6.6   0.0  0.00   0.5   8.0  12:59p   WSW
13  61.1  74.2   4:05p  46.4   6:08a   3.9   0.0  0.00   1.5  12.0   5:42p     W
14  64.2  79.4   4:08p  48.0   6:04a   5.0   4.2  0.00   1.3  11.0   7:20p   WNW
15  65.8  77.1   2:30p  50.5   5:58a   3.2   4.1  0.00   2.0  14.0   3:17p     W
16  69.6  83.7   3:12p  55.8   4:42a   2.1   6.7  0.00   1.3  13.0   3:24p   WSW
17  64.5  69.1   4:52p  57.8  11:59p   1.8   1.3  0.07   0.5   8.0   1:12p   WSW
18  64.4  77.5   3:25p  55.4   1:58a   3.3   2.7  0.00   1.0   9.0   5:47p     W
19  64.4  77.9   4:08p  52.3   5:21a   4.2   3.6  0.00   0.9   9.0   3:04p   WNW
20  63.5  76.8   4:21p  53.4   4:35a   4.1   2.6  0.00   0.6   7.0   4:34p   WSW
21  63.3  75.2   4:28p  53.8   3:59a   4.2   2.5  0.00   0.6   7.0   2:34p   WSW
22  65.0  77.5   3:21p  55.8   2:58a   3.3   3.3  0.00   0.7   7.0   3:23p   WSW
23  67.2  81.4   4:46p  53.7   5:25a   3.1   5.2  0.00   1.3  12.0   1:27p   WSW
24  67.0  82.4   2:17p  53.4   6:06a   3.4   5.4  0.00   1.0   9.0   1:39p     W
25  66.3  81.5   3:20p  51.9   5:44a   3.8   5.2  0.00   1.1  10.0  12:56p    NW
26  65.7  82.8   3:19p  51.8   6:21a   3.9   4.6  0.00   1.1  12.0   4:50p   WNW
27  63.4  77.1   4:14p  50.1   5:53a   4.8   3.2  0.00   0.9   8.0  10:43a   WSW
28  60.4  70.2   2:14p  52.3   5:19a   5.4   0.8  0.00   1.0  11.0   2:32p   WSW
29  63.1  73.7   4:10p  55.7   3:50a   3.7   1.9  0.00   0.6   9.0   4:01p   WSW
30  64.3  77.0   4:24p  53.7   6:03a   4.0   3.3  0.00   0.7   8.0  12:51p   WSW
31  61.8  71.0   3:20p  54.6   5:46a   4.1   0.9  0.00   0.4   6.0   4:22p   WSW
----------------------------------------------------------------------------------
    64.5  84.5     1    46.4    13   112.9  96.3  0.07   1.0  14.0    15       W

Max >=  80.0:  7
Max <=  32.0:  0
Min <=  32.0:  0
Min <=   0.0:  0
Max Rain: 0.07 on day 17
Days of Rain: 1 (>= 0.01 in)  0 (>= 0.10 in)  0 (>= 1.00 in)
Heat Base: 65.0  Cool Base: 65.0  Method: Integration
:Now::Gauges::Today::Yesterday::This Month::Monthly Records::This Year::Data Summary::Records::Trends::System Info: