Brier Weather Station

:Now::Gauges::Today::Yesterday::This Month::Monthly Records::This Year::Data Summary::Records::Trends::System Info:

 Latitude N 47° 46' 49"    Longitude W 122° 16' 48"    Elevation 341 ft

Select a Year or Month report

Report for 2013 Jun
                   Monthly Climatological Summary for Jun 2013

Name: Brierweather   City: Brier   State: Wa
Elevation: 341 ft  Lat: N 47 46' 49"   Lon: W 122 16' 48"

                  Temperature (F), Rain (in), Wind Speed (mph)

                                      Heat  Cool        Avg
    Mean                              Deg   Deg         Wind                 Dom
Day Temp  High   Time   Low    Time   Days  Days  Rain  Speed High   Time    Dir
----------------------------------------------------------------------------------
 1  59.1  72.9   3:11p  48.7  12:38a   6.8   1.0  0.01   1.3  12.0   6:12p   WSW
 2  60.0  69.8   4:15p  52.9   5:17a   5.7   0.7  0.01   1.3  11.0   1:56p   WNW
 3  59.1  72.0   3:31p  47.2   5:38a   7.1   1.2  0.00   1.1  10.0   6:12p   WSW
 4  62.8  76.2   4:49p  47.6   5:22a   5.3   3.1  0.00   1.5  11.0   1:29p     W
 5  63.1  75.2   3:16p  50.6   4:51a   4.5   2.5  0.00   1.4  12.0  12:21p   WNW
 6  63.7  78.3   2:16p  50.1   5:25a   4.5   3.3  0.00   1.1  10.0   5:22p     W
 7  60.2  66.8   4:33p  54.8  11:13p   5.0   0.2  0.00   0.8  10.0  10:39a     N
 8  58.6  67.1   4:08p  52.7   4:36a   6.5   0.1  0.00   1.2  10.0   5:34p    NW
 9  57.2  68.2   2:30p  50.5   6:02a   7.9   0.1  0.00   1.4  11.0   8:48p    NW
10  58.1  70.5   3:05p  45.5   6:04a   7.6   0.7  0.00   1.3  12.0   1:27p     W
11  57.4  66.2   4:49p  52.3  11:57p   7.6   0.0  0.01   0.8  11.0   5:52p    SW
12  58.0  67.9   2:13p  51.0   1:41a   7.2   0.2  0.00   1.1  15.0   6:01p    SW
13  59.0  69.1   3:21p  51.3   2:49a   6.5   0.5  0.00   1.2  11.0   5:01p     W
14  58.4  68.4   3:13p  52.0  11:57p   6.6   0.1  0.00   0.7   9.0   1:29p   WSW
15  59.9  71.9   2:11p  48.5   5:16a   6.1   1.0  0.00   1.5  10.0  11:53a     W
16  62.4  75.3   3:51p  50.9   5:44a   4.7   2.1  0.00   0.7  11.0  12:44p   WSW
17  63.8  76.6   3:16p  54.0   1:24a   4.0   2.8  0.03   0.9  12.0  10:03p   WSW
18  62.2  73.9   4:12p  53.4   5:37a   4.5   1.7  0.01   1.1  10.0  11:47a   WSW
19  58.8  65.1   5:38p  53.2   3:46a   6.2   0.0  0.02   0.3   5.0   8:29a   WSW
20  55.6  59.3   2:19p  53.2  10:14p   9.4   0.0  0.70   0.1   7.0   2:51p     N
21  57.9  65.0   5:49p  52.2   5:24a   7.1   0.0  0.00   0.3   5.0  11:12a   WSW
22  63.1  75.5   3:04p  49.5   5:24a   4.9   3.0  0.00   0.8   8.0   3:31p   WSW
23  65.0  70.6   4:04p  58.8   6:22a   1.7   1.7  0.14   0.3   4.0   8:33a   WSW
24  61.9  67.4   4:55p  56.4   8:55a   3.4   0.3  0.10   0.5   9.0   7:34a    SW
25  62.0  72.7   4:26p  56.5   6:07a   4.3   1.3  0.46   0.3  17.0   5:50p    SW
26  62.3  72.8   3:10p  55.3   2:12a   3.8   1.1  0.05   0.7  12.0   5:09p   WSW
27  64.3  71.5   4:55p  58.7   1:16a   2.3   1.6  0.07   0.1   8.0   6:03p    SW
28  71.8  86.7   3:39p  60.6   6:02a   0.8   7.6  0.00   1.0   8.0   4:27p   WSW
29  71.8  83.9   2:45p  63.2   5:27a   0.3   7.1  0.00   0.8   7.0   3:30p   WSW
30  73.7  86.9   4:59p  58.2   5:20a   1.4  10.0  0.00   1.2  10.0   1:32p   WSW
----------------------------------------------------------------------------------
    61.7  86.9    30    45.5    10   153.7  55.0  1.61   0.9  17.0    25       W

Max >=  80.0:  3
Max <=  32.0:  0
Min <=  32.0:  0
Min <=   0.0:  0
Max Rain: 0.70 on day 20
Days of Rain: 12 (>= 0.01 in)  4 (>= 0.10 in)  0 (>= 1.00 in)
Heat Base: 65.0  Cool Base: 65.0  Method: Integration
:Now::Gauges::Today::Yesterday::This Month::Monthly Records::This Year::Data Summary::Records::Trends::System Info: