Brier Weather Station

:Now::Gauges::Today::Yesterday::This Month::Monthly Records::This Year::Data Summary::Records::Trends::System Info:

 Latitude N 47° 46' 49"    Longitude W 122° 16' 48"    Elevation 341 ft

Select a Year or Month report

Report for 2013 May
                   Monthly Climatological Summary for May 2013

Name: Brierweather   City: Brier   State: Wa
Elevation: 341 ft  Lat: N 47 46' 49"   Lon: W 122 16' 48"

                  Temperature (F), Rain (in), Wind Speed (mph)

                                      Heat  Cool        Avg
    Mean                              Deg   Deg         Wind                 Dom
Day Temp  High   Time   Low    Time   Days  Days  Rain  Speed High   Time    Dir
----------------------------------------------------------------------------------
 1  47.6  62.5   1:28p  32.1   6:23a  17.4   0.0  0.00   1.2  11.0   3:10p     W
 2  53.1  65.3  12:45p  40.2   6:17a  11.9   0.0  0.00   1.8  14.0   7:08p     W
 3  55.4  67.4   4:34p  41.3   5:56a   9.9   0.2  0.00   1.7  13.0   4:38p     W
 4  61.2  74.2   4:22p  47.4   3:17a   5.9   2.2  0.00   2.1  14.0   2:58p     W
 5  63.9  78.9   4:11p  47.6   5:46a   5.7   4.6  0.00   1.5  11.0   3:53p   WNW
 6  65.9  84.4   2:27p  49.0   6:03a   5.0   5.9  0.00   1.0  11.0   4:16p     W
 7  59.1  72.0   4:09p  50.7   4:06a   7.0   1.1  0.00   0.8   8.0   1:15p   WSW
 8  56.2  64.6   4:17p  50.4   3:22a   8.8   0.0  0.00   0.4   7.0   3:19p    SW
 9  57.0  70.2   4:31p  47.4   4:39a   8.6   0.7  0.00   0.8   8.0   5:11p     W
10  61.5  77.2   1:23p  46.2   6:03a   6.6   3.1  0.00   0.9   8.0   1:49p   WSW
11  63.8  79.4   3:44p  53.0   3:19a   4.4   3.2  0.00   0.5  10.0   6:17p    SW
12  62.3  70.6   3:45p  57.3   1:38a   3.6   0.9  0.14   0.6   9.0   2:14p    SW
13  56.8  64.1  12:05p  47.7  11:56p   8.2   0.0  0.32   1.3  22.0   4:14p   WSW
14  54.2  64.7   2:28p  45.6   1:16a  10.8   0.0  0.00   0.8   9.0  11:23a   WSW
15  53.5  66.5  12:15p  44.0   6:24a  11.5   0.0  0.05   0.6  10.0   4:13p   WSW
16  58.5  68.7   2:43p  52.5   3:03a   6.8   0.4  0.01   1.2  10.0   3:02p   WSW
17  56.8  62.1   4:53p  52.6   6:14a   8.2   0.0  0.01   0.3   7.0   9:33a   SSE
18  55.8  61.2   2:55p  51.0   1:23a   9.2   0.0  0.00   0.6   8.0  10:40a   WSW
19  56.2  66.3   3:46p  49.1  11:58p   8.8   0.0  0.00   1.3  10.0  10:32a     W
20  54.8  68.1   3:17p  43.2   5:42a  10.5   0.2  0.00   1.0  10.0   5:32p   WSW
21  50.1  56.8   4:18p  46.7   6:46a  14.9   0.0  0.41   0.5   9.0  12:26a   WSW
22  48.8  53.7   4:44p  45.4   8:42a  16.2   0.0  0.07   0.2   7.0   4:47p   WSW
23  49.8  59.4  12:54p  45.5  12:33a  15.2   0.0  0.03   0.6   9.0  10:56a    SW
24  53.8  63.9   3:03p  44.7   4:16a  11.2   0.0  0.01   0.6  11.0   1:26p    SW
25  55.8  65.3   3:06p  50.5   5:33a   9.2   0.0  0.00   0.6  10.0  10:44a    SW
26  55.7  64.2   3:40p  50.2   2:25a   9.3   0.0  0.07   0.5   7.0   6:56p   WSW
27  55.3  59.4  12:20p  49.7   5:00a   9.7   0.0  0.20   0.2   5.0  11:17a   ESE
28  56.3  63.0   4:17p  51.9   3:38a   8.7   0.0  0.01   0.8  12.0   4:23p    SW
29  53.1  59.0   3:22p  50.6   5:46a  11.9   0.0  0.07   0.6   9.0   4:27p     W
30  55.1  63.6   3:14p  49.8   4:59a   9.9   0.0  0.01   1.1  15.0   2:18p   WSW
31  56.2  66.4   4:45p  48.4   4:02a   8.8   0.0  0.00   0.8   9.0   5:52p   WSW
----------------------------------------------------------------------------------
    56.2  84.4     6    32.1     1   293.8  22.5  1.41   0.9  22.0    13     WSW

Max >=  80.0:  1
Max <=  32.0:  0
Min <=  32.0:  0
Min <=   0.0:  0
Max Rain: 0.41 on day 21
Days of Rain: 14 (>= 0.01 in)  4 (>= 0.10 in)  0 (>= 1.00 in)
Heat Base: 65.0  Cool Base: 65.0  Method: Integration
:Now::Gauges::Today::Yesterday::This Month::Monthly Records::This Year::Data Summary::Records::Trends::System Info: