Brier Weather Station

:Now::Gauges::Today::Yesterday::This Month::Monthly Records::This Year::Data Summary::Records::Trends::System Info:

 Latitude N 47° 46' 49"    Longitude W 122° 16' 48"    Elevation 341 ft

Select a Year or Month report

Report for 2013 Apr
                   Monthly Climatological Summary for Apr 2013

Name: Brierweather   City: Brier   State: Wa
Elevation: 341 ft  Lat: N 47 46' 49"   Lon: W 122 16' 48"

                  Temperature (F), Rain (in), Wind Speed (mph)

                                      Heat  Cool        Avg
    Mean                              Deg   Deg         Wind                 Dom
Day Temp  High   Time   Low    Time   Days  Days  Rain  Speed High   Time    Dir
----------------------------------------------------------------------------------
 1  51.2  59.5   3:53p  43.1   4:14a  13.8   0.0  0.00   0.4   9.0   3:37p   WSW
 2  51.7  56.3   4:34p  48.5  12:00a  13.3   0.0  0.00   0.2   8.0  12:46a    SW
 3  52.8  63.1   2:33p  45.9   4:56a  12.2   0.0  0.00   0.5   7.0   1:29p     W
 4  52.3  55.5   2:07p  48.8   6:42a  12.7   0.0  0.45   0.2  10.0   9:52p    NE
 5  52.1  57.2   1:42p  48.2   9:38p  12.9   0.0  0.63   1.4  17.0   7:38a   WSW
 6  48.3  54.0   3:31p  45.4  11:52p  16.7   0.0  0.29   0.9  15.0   5:06a   SSW
 7  43.8  46.1   6:00p  40.4   7:03a  21.3   0.0  1.04   0.4  11.0   6:05a     W
 8  46.5  52.7   4:38p  42.0  11:59p  18.5   0.0  0.04   0.1   5.0  12:27p     E
 9  47.6  53.6   4:55p  39.8   2:33a  17.4   0.0  0.00   0.1   7.0   2:14p     S
10  51.4  57.2   1:00p  47.2  11:59p  13.6   0.0  0.13   0.7  12.0  11:30a     W
11  47.6  52.0   4:18p  42.5  11:57p  17.4   0.0  0.04   1.0  11.0  11:36a   WNW
12  43.1  46.3   9:45a  38.9   6:43a  21.9   0.0  0.14   0.5  17.0  10:50p   ESE
13  42.2  49.2   2:09p  36.4   3:21a  22.8   0.0  0.32   0.5   9.0   1:59p   WSW
14  43.9  53.1   1:05p  37.3   5:28a  21.1   0.0  0.02   0.7  11.0   1:28p   WNW
15  43.9  56.2   2:56p  36.3   6:30a  21.1   0.0  0.01   1.3  13.0   6:38p     W
16  44.7  57.8   1:59p  35.4   2:33a  20.3   0.0  0.00   0.7  10.0   2:08p   WNW
17  46.9  61.6   2:10p  34.9   6:33a  18.1   0.0  0.00   1.0  11.0   2:00p   WSW
18  47.2  50.2   2:33p  43.7   4:12a  17.8   0.0  0.15   0.1   5.0  10:36a    SE
19  50.8  54.0   1:16p  48.7  11:52p  14.2   0.0  0.33   0.5  10.0   1:41a   WSW
20  49.2  56.1   1:50p  46.6   6:47a  15.8   0.0  0.34   0.2   7.0   6:28p    NW
21  47.1  54.6   4:30p  40.6  11:59p  17.9   0.0  0.35   1.0  14.0   2:59p     W
22  47.1  58.8   1:35p  35.3   6:30a  17.9   0.0  0.00   1.6  12.0   2:15p     W
23  48.0  62.5   1:59p  34.2   6:02a  17.0   0.0  0.00   1.1  13.0   5:17p     W
24  52.5  69.0   1:39p  37.7   6:13a  12.9   0.3  0.00   1.1  11.0   2:43p     W
25  55.6  71.6   3:10p  40.5   6:11a  10.5   1.1  0.00   0.7   8.0   3:17p   WSW
26  54.8  65.5   2:58p  43.2   5:51a  10.2   0.0  0.00   0.6   8.0   7:26p   WSW
27  52.8  55.4   4:29p  50.4   5:43a  12.2   0.0  0.01   0.6  11.0  11:47a    SW
28  50.7  57.1   1:46p  46.4   8:08a  14.3   0.0  0.16   0.8  15.0   9:46p   WSW
29  48.6  57.7   2:31p  43.2  11:59p  16.4   0.0  0.12   2.7  16.0   9:48a     W
30  44.7  55.3   2:14p  36.9   6:23a  20.3   0.0  0.15   1.0  12.0   3:27p     W
----------------------------------------------------------------------------------
    48.6  71.6    25    34.2    23   492.5   1.4  4.72   0.7  17.0     5       W

Max >=  80.0:  0
Max <=  32.0:  0
Min <=  32.0:  0
Min <=   0.0:  0
Max Rain: 1.04 on day 7
Days of Rain: 19 (>= 0.01 in)  14 (>= 0.10 in)  1 (>= 1.00 in)
Heat Base: 65.0  Cool Base: 65.0  Method: Integration
:Now::Gauges::Today::Yesterday::This Month::Monthly Records::This Year::Data Summary::Records::Trends::System Info: