Brier Weather Station

:Now::Gauges::Today::Yesterday::This Month::Monthly Records::This Year::Data Summary::Records::Trends::System Info:

 Latitude N 47° 46' 49"    Longitude W 122° 16' 48"    Elevation 341 ft

Select a Year or Month report

Report for 2013 Mar
                   Monthly Climatological Summary for Mar 2013

Name: Brierweather   City: Brier   State: Wa
Elevation: 341 ft  Lat: N 47 46' 49"   Lon: W 122 16' 48"

                  Temperature (F), Rain (in), Wind Speed (mph)

                                      Heat  Cool        Avg
    Mean                              Deg   Deg         Wind                 Dom
Day Temp  High   Time   Low    Time   Days  Days  Rain  Speed High   Time    Dir
----------------------------------------------------------------------------------
 1  52.3  55.6   3:36p  50.6   1:05a  12.7   0.0  0.11   0.7  14.0   3:09p     W
 2  48.7  55.8  12:54p  38.3  11:59p  16.3   0.0  0.53   0.6  11.0   3:04p   WNW
 3  39.3  47.6   3:00p  32.2  11:57p  25.7   0.0  0.00   0.4  10.0   1:23p   WNW
 4  38.7  51.9   3:33p  29.5   6:42a  26.1   0.0  0.00   0.3   8.0   1:44p     N
 5  42.7  50.8  12:28p  34.8   2:54a  22.3   0.0  0.00   0.4   7.0  11:47a   WSW
 6  42.2  43.6  11:46a  40.6   8:39p  22.8   0.0  0.54   0.5  12.0   8:23a     W
 7  43.2  49.0   3:01p  37.5  10:42p  21.8   0.0  0.26   0.0   4.0   8:57a    SW
 8  40.6  49.9   2:51p  33.7   4:13a  24.4   0.0  0.00   0.6  10.0   2:48p     W
 9  39.0  52.2   2:51p  31.4   4:57a  23.7   0.0  0.00   0.2   5.0  10:39a   WSW
10  42.0  47.7   1:32p  34.8   1:49a  22.0   0.0  0.00   0.0   3.0  12:34p   WSW
11  46.3  51.9   2:26p  41.9   7:49a  18.7   0.0  0.01   0.1   4.0  12:28p   WSW
12  51.3  54.7  12:56p  47.4  12:00a  13.7   0.0  0.04   1.0  15.0   8:11a     E
13  50.9  51.9   4:23p  50.0   6:58a  14.1   0.0  0.21   0.4  15.0   3:44a     E
14  50.0  51.8   4:57p  47.9  11:08p  15.0   0.0  0.03   0.1   8.0   5:08p     S
15  51.5  57.6   2:59p  48.1  12:00a  13.5   0.0  0.02   0.2   8.0   3:03p    SW
16  45.6  51.3   1:37p  37.3   7:39p  19.4   0.0  0.04   0.8  15.0  10:29a   WSW
17  40.1  49.3   1:54p  34.3   3:59a  24.9   0.0  0.07   0.3   9.0   1:53p   WSW
18  43.3  52.1   1:22p  35.8  11:59p  21.7   0.0  0.08   0.5  15.0   6:21a     W
19  42.6  56.3   2:37p  33.6   2:57a  22.4   0.0  0.24   0.2   8.0   3:45p   ESE
20  45.7  52.1   1:49p  36.0   9:58p  19.3   0.0  0.72   1.5  22.0   1:27p   WSW
21  39.1  48.5  12:29p  35.5   3:47a  25.9   0.0  0.06   0.2   8.0   3:57p   WSW
22  38.1  47.3   3:04p  31.2  11:58p  26.9   0.0  0.10   0.4   8.0  10:58a   NNW
23  38.6  51.0   3:44p  31.0  12:49a  26.3   0.0  0.00   0.3   6.0   1:41p    SW
24  40.7  54.8   3:39p  29.9   7:33a  24.3   0.0  0.00   0.2   5.0   1:47p   SSW
25  45.7  61.4   2:09p  31.9   7:07a  19.3   0.0  0.00   0.5   8.0   3:19p     W
26  49.0  59.3   4:19p  42.5   4:33a  16.0   0.0  0.00   0.4   7.0   4:36p   WSW
27  48.7  59.1   2:42p  42.9   6:19a  16.3   0.0  0.01   0.2   5.0   9:47a     W
28  50.5  61.6   3:34p  41.8   1:55a  14.5   0.0  0.02   0.2  10.0   3:01p   WSW
29  50.8  64.4   2:45p  41.0   3:45a  14.2   0.0  0.00   0.6   9.0   4:10p     W
30  50.7  64.3   3:22p  38.9   6:34a  14.2   0.0  0.00   1.3  11.0   9:51a     W
31  53.6  68.2   3:13p  42.4   5:54a  11.6   0.2  0.00   1.1  10.0  10:32a     W
----------------------------------------------------------------------------------
    45.2  68.2    31    29.5     4   610.0   0.2  3.09   0.5  22.0    20       W

Max >=  80.0:  0
Max <=  32.0:  0
Min <=  32.0:  6
Min <=   0.0:  0
Max Rain: 0.72 on day 20
Days of Rain: 18 (>= 0.01 in)  8 (>= 0.10 in)  0 (>= 1.00 in)
Heat Base: 65.0  Cool Base: 65.0  Method: Integration
:Now::Gauges::Today::Yesterday::This Month::Monthly Records::This Year::Data Summary::Records::Trends::System Info: