Brier Weather Station

:Now::Gauges::Today::Yesterday::This Month::Monthly Records::This Year::Data Summary::Records::Trends::System Info:

 Latitude N 47° 46' 49"    Longitude W 122° 16' 48"    Elevation 341 ft

Select a Year or Month report

Report for 2013 Feb
                   Monthly Climatological Summary for Feb 2013

Name: Brierweather   City: Brier   State: Wa
Elevation: 341 ft  Lat: N 47 46' 49"   Lon: W 122 16' 48"

                  Temperature (F), Rain (in), Wind Speed (mph)

                                      Heat  Cool        Avg
    Mean                              Deg   Deg         Wind                 Dom
Day Temp  High   Time   Low    Time   Days  Days  Rain  Speed High   Time    Dir
----------------------------------------------------------------------------------
 1  45.2  50.1   2:49p  41.7  11:03p  19.8   0.0  0.04   0.1   5.0   2:04p    NW
 2  40.8  44.0   1:37p  38.7   8:10a  24.2   0.0  0.00   0.1   5.0   4:58a   WNW
 3  43.6  47.6   2:20p  39.6  12:16a  21.2   0.0  0.06   0.0   5.0   1:16p    SE
 4  45.5  49.0   3:04p  43.6   7:32a  19.5   0.0  0.00   0.0   7.0   9:04p   WSW
 5  45.6  49.9   1:24p  43.5  10:15p  19.4   0.0  0.14   0.3  11.0  12:38p    SW
 6  44.7  49.2   2:20p  42.3  10:21p  20.2   0.0  0.11   0.1  15.0   2:55a   SSW
 7  41.8  46.5   3:05p  33.9  11:46p  23.2   0.0  0.14   0.4  12.0   4:27a   WSW
 8  38.8  45.1   2:35p  32.2   7:14a  26.2   0.0  0.00   0.1   6.0   2:43p     N
 9  41.6  44.5   2:31p  39.5   4:34a  23.4   0.0  0.00   0.0   4.0  10:43a   WSW
10  39.0  44.9   2:46p  32.7   6:24a  25.9   0.0  0.00   0.2   7.0   1:36p   WSW
11  42.3  46.3   3:43p  40.0   3:45a  22.7   0.0  0.03   0.0   3.0  12:47p     E
12  45.7  48.7   4:40p  41.6  12:14a  19.3   0.0  0.01   0.2  10.0  10:07p    SW
13  44.6  48.0  12:00a  42.0   9:16p  20.4   0.0  0.06   0.1   8.0   1:27a   WSW
14  44.7  47.4   2:42p  42.7  12:00a  20.3   0.0  0.09   0.0   3.0   4:08a     E
15  44.3  51.9   3:20p  37.4  11:55p  20.7   0.0  0.00   0.5   7.0  11:40a     W
16  43.0  48.7  12:55p  36.4   1:33a  22.0   0.0  0.28   0.1  10.0   1:23p     N
17  40.4  44.3   3:00p  37.4  11:54p  24.6   0.0  0.02   0.0   3.0  10:17a     E
18  40.6  45.1   2:22p  37.4  12:00a  24.4   0.0  0.01   0.0   4.0  11:08a   SSW
19  40.6  47.2  12:19p  33.9  11:18p  24.4   0.0  0.00   0.8  13.0  12:43p     W
20  39.0  44.2   1:43p  34.2  12:00a  26.0   0.0  0.11   0.0   4.0  10:59a   SSW
21  41.2  43.8   1:42p  36.2  12:17a  23.7   0.0  0.05   0.2  13.0  10:10a    SW
22  42.3  46.3   4:12p  38.0  11:42p  22.7   0.0  0.11   0.8  16.0   4:04p   WSW
23  41.5  47.1   3:03p  37.0  10:49p  23.5   0.0  0.00   0.1   5.0   3:57p     W
24  44.1  48.5   2:52p  39.2  12:00a  20.9   0.0  0.00   0.3  10.0  10:15p    SE
25  43.2  50.7   1:37p  36.8   9:59p  21.8   0.0  0.11   0.6  12.0  12:22p   WSW
26  41.6  47.0   1:48p  32.8   4:23a  23.4   0.0  0.02   0.1   7.0  10:59a     S
27  43.5  49.1   1:29p  39.4   7:03a  21.5   0.0  0.36   0.0   5.0  11:06a    SW
28  46.1  51.2   8:10p  41.8   6:27a  18.9   0.0  0.19   0.1   9.0   7:44p    NW
----------------------------------------------------------------------------------
    42.7  51.9    15    32.2     8   624.2   0.0  1.94   0.2  16.0    22     WSW

Max >=  80.0:  0
Max <=  32.0:  0
Min <=  32.0:  0
Min <=   0.0:  0
Max Rain: 0.36 on day 27
Days of Rain: 19 (>= 0.01 in)  9 (>= 0.10 in)  0 (>= 1.00 in)
Heat Base: 65.0  Cool Base: 65.0  Method: Integration
:Now::Gauges::Today::Yesterday::This Month::Monthly Records::This Year::Data Summary::Records::Trends::System Info: