Brier Weather Station

:Now::Gauges::Today::Yesterday::This Month::Monthly Records::This Year::Data Summary::Records::Trends::System Info:

 Latitude N 47° 46' 49"    Longitude W 122° 16' 48"    Elevation 341 ft

Select a Year or Month report

Report for 2013 Jan
                   Monthly Climatological Summary for Jan 2013

Name: Brierweather   City: Brier   State: Wa
Elevation: 341 ft  Lat: N 47 46' 49"   Lon: W 122 16' 48"

                  Temperature (F), Rain (in), Wind Speed (mph)

                                      Heat  Cool        Avg
    Mean                              Deg   Deg         Wind                 Dom
Day Temp  High   Time   Low    Time   Days  Days  Rain  Speed High   Time    Dir
----------------------------------------------------------------------------------
13  28.4  35.4   3:24p  22.7   7:47a  36.0   0.0  0.00   0.0   0.0  12:00a     E
14  33.3  35.8   2:47p  31.2  12:29a  31.6   0.0  0.00   0.0   0.0  12:00a     E
15  34.3  42.1   2:44p  29.4  11:37p  30.7   0.0  0.00   0.0   7.0   1:05p     N
16  32.1  41.4   2:25p  26.7   7:19a  32.9   0.0  0.00   0.0   4.0   2:22p   WSW
17  32.1  37.0   2:36p  26.9   7:27a  32.9   0.0  0.00   0.0   3.0  11:32a     E
18  33.4  36.2  12:15p  31.8   6:02a  31.5   0.0  0.00   0.0   3.0  12:15p     E
19  33.9  36.3   2:28p  32.0   7:37a  31.0   0.0  0.00   0.0   4.0  12:04a     E
20  35.3  40.9   2:03p  32.0   9:36p  29.7   0.0  0.00   0.0   5.0   7:25a   NNE
21  32.9  35.5   2:13p  30.5   6:47a  31.9   0.0  0.00   0.0   2.0  12:52a     E
22  33.8  38.5   2:25p  29.2   7:52a  30.7   0.0  0.00   0.0   1.0  11:48p     E
23  39.1  42.3   9:44p  36.2   7:32a  25.9   0.0  0.34   0.0   5.0   1:54a   WSW
24  41.6  44.1  12:55p  39.8   7:32a  23.4   0.0  0.16   0.0   2.0   3:31p     E
25  43.8  49.0   1:45p  38.3  10:29p  21.2   0.0  0.11   0.0   2.0   4:27a     E
26  41.1  44.2   1:46p  38.3  12:58a  23.9   0.0  0.44   0.0   7.0  10:15a    SW
27  40.4  42.1  11:11a  39.2  12:00a  24.6   0.0  0.19   0.0   7.0   1:21p    SW
28  40.6  42.2   7:27p  39.0   6:46a  24.4   0.0  0.58   0.0   3.0   2:48a     E
29  44.4  46.5   2:04p  42.1  12:00a  20.6   0.0  0.82   0.0   4.0   2:03a   WSW
30  46.5  47.7   2:39p  44.2  12:20a  18.5   0.0  0.22   0.0   3.0  12:45a     E
31  46.8  48.3   3:01p  45.9   9:39a  18.2   0.0  0.12   0.0   5.0  12:52p    SE
----------------------------------------------------------------------------------
    37.6  49.0    25    22.7    13   519.6   0.0  2.98   0.0   7.0    15      SW

Max >=  80.0:  0
Max <=  32.0:  0
Min <=  32.0: 10
Min <=   0.0:  0
Max Rain: 0.82 on day 29
Days of Rain: 9 (>= 0.01 in)  9 (>= 0.10 in)  0 (>= 1.00 in)
Heat Base: 65.0  Cool Base: 65.0  Method: Integration
:Now::Gauges::Today::Yesterday::This Month::Monthly Records::This Year::Data Summary::Records::Trends::System Info: