Brier Weather Station

:Now::Gauges::Today::Yesterday::This Month::Monthly Records::This Year::Data Summary::NOAA Style Reports::Records::Trends::Sky Cam::Discussion::Air Quality::Mobile Display Site::System Info:

 Latitude N 47° 46' 49"    Longitude W 122° 16' 48"    Elevation 341 ft

Select a Year or Month report

Report for 2021 May
                   Monthly Climatological Summary for May 2021

Name: Brierweather   City: Brier   State: Wa
Elevation: 341 ft  Lat: N 47° 46' 49"   Lon: W 122° 16' 48"

                  Temperature (°F), Rain (in), Wind Speed (mph)

                                      Heat  Cool        Avg
    Mean                              Deg   Deg         Wind                 Dom
Day Temp  High   Time   Low    Time   Days  Days  Rain  Speed High   Time    Dir
----------------------------------------------------------------------------------
 1  52.2  56.3   4:04p  48.7  11:52p  12.8   0.0  0.01   0.5   8.0   8:42p   NNW
 2  51.9  61.0   5:27p  42.1   6:21a  13.1   0.0  0.00   0.5   7.0   2:52p   ENE
 3  51.3  57.6   1:03p  43.9   2:13a  13.7   0.0  0.09   0.2   7.0   8:26a   ESE
 4  53.6  61.4   2:43p  45.4  11:55p  11.4   0.0  0.00   0.4  10.0   8:42a    NW
 5  55.2  69.6   6:35p  41.1   5:58a  10.2   0.4  0.00   0.1   9.0   3:48p     W
 6  56.6  66.3   1:52p  49.9  11:58p   8.4   0.0  0.00   0.3  13.0   1:52p   WSW
 7  49.0  54.9   5:05p  43.5   8:44a  16.0   0.0  0.07   0.0   8.0   5:20p   NNW
 8  51.2  58.5   1:57p  45.1   5:49a  13.8   0.0  0.00   0.0   8.0  12:26p   WSW
 9  53.8  61.9   2:51p  46.4  11:57p  11.2   0.0  0.00   0.4   9.0   1:35p     W
10  52.7  64.0   3:07p  40.9   5:26a  12.3   0.0  0.00   0.5  10.0  12:44p     W
11  55.2  66.8   4:11p  41.5   5:31a   9.9   0.2  0.00   0.5  10.0   1:50p     W
12  58.5  66.3   2:20p  51.8   2:44a   6.6   0.1  0.00   0.4  10.0   4:03p     W
13  59.2  69.8   3:02p  49.9   6:30a   6.8   1.0  0.00   0.6   9.0   5:23p     W
14  59.1  70.9   3:04p  46.6   5:49a   7.0   1.1  0.00   0.3   8.0   2:04p     W
15  58.5  70.8   4:02p  45.1   5:46a   7.8   1.3  0.00   0.3  10.0   2:14p     W
16  61.5  75.2   4:01p  47.6   5:50a   6.2   2.8  0.00   0.2   7.0   3:41p     W
17  54.6  60.9   2:48p  49.6  11:55p  10.4   0.0  0.07   0.0  10.0   5:02p   SSW
18  51.0  58.0   3:08p  46.1   6:28a  14.0   0.0  0.15   0.1   9.0   1:35a     W
19  50.0  56.9   3:01p  43.6   2:42a  15.0   0.0  0.04   0.4  13.0   4:15p     W
20  52.3  62.5   4:05p  45.3   2:47a  12.7   0.0  0.00   0.0   7.0   5:32p    NW
21  52.6  61.8   5:31p  43.7   4:13a  12.4   0.0  0.00   0.1  10.0   3:05p     W
22  53.4  62.7   4:49p  43.7   4:17a  11.6   0.0  0.00   0.0   5.0   4:14p    SW
23  55.5  62.4   3:16p  52.6   3:45a   9.5   0.0  0.00   0.1  11.0   3:27p   WSW
24  54.8  60.4   5:10p  50.6   6:38a  10.2   0.0  0.08   0.0   7.0   1:09p   ---
25  56.6  62.6   6:07p  51.5  12:32a   8.4   0.0  0.00   0.0   5.0   1:56p   ---
26  56.7  64.8   3:00p  47.6   2:56a   8.3   0.0  0.00   0.1   8.0  11:49a   WSW
27  54.4  59.9   1:25p  51.5  11:56p  10.6   0.0  0.23   0.3  13.0   2:42p   WSW
28  54.0  62.0   4:27p  49.9  11:55p  11.0   0.0  0.01   0.0   6.0   4:55p   WNW
29  56.9  68.0   4:04p  44.8   6:08a   8.5   0.4  0.00   0.5  10.0   2:43p   WSW
30  59.5  70.5   3:19p  47.6   4:11a   6.3   0.8  0.00   0.1   7.0   9:38a   WSW
31  64.3  76.6   2:32p  49.8   5:19a   4.6   3.9  0.00   0.7  11.0   1:18p     W
----------------------------------------------------------------------------------
    55.0  76.6    31    40.9    10   320.7  12.0  0.75   0.2  13.0     6       W

Max >=  80.0:  0
Max <=  32.0:  0
Min <=  32.0:  0
Min <=   0.0:  0
Max Rain: 0.23 on day 27
Days of Rain: 9 (>= 0.01 in)  2 (>= 0.10 in)  0 (>= 1.00 in)
Heat Base: 65.0  Cool Base: 65.0  Method: Integration
:Now::Gauges::Today::Yesterday::This Month::Monthly Records::This Year::Data Summary::NOAA Style Reports::Records::Trends::Sky Cam::Discussion::Air Quality::Mobile Display Site::System Info: