Brier Weather Station

:Now::Gauges::Today::Yesterday::This Month::Monthly Records::This Year::Data Summary::NOAA Style Reports::Records::Trends::Sky Cam::Discussion::Air Quality::Mobile Display Site::System Info:

 Latitude N 47° 46' 49"    Longitude W 122° 16' 48"    Elevation 341 ft


Report for 2021 Aug
                   Monthly Climatological Summary for Aug 2021

Name: Brierweather   City: Brier   State: Wa
Elevation: 341 ft  Lat: N 47° 46' 49"   Lon: W 122° 16' 48"

                  Temperature (°F), Rain (in), Wind Speed (mph)

                                      Heat  Cool        Avg
    Mean                              Deg   Deg         Wind                 Dom
Day Temp  High   Time   Low    Time   Days  Days  Rain  Speed High   Time    Dir
----------------------------------------------------------------------------------
 1  69.1  81.3   4:30p  61.7   5:01a   0.0   3.8  0.00  ----   7.0  11:48a   WSW
 2  74.4  81.7   4:56p  60.1   5:45a   0.0   3.8  0.00  ----   8.0   5:48a     W
 3  69.0  81.5   2:34p  54.9   4:18a   0.0   3.8  0.00  ----   7.0   2:35a   WSW
 4  71.5  85.6   3:45p  58.5   4:55a   0.0   3.8  0.00  ----  13.0   1:24a    SW
 5  74.1  84.9   1:54p  60.6   5:34a   0.0   3.8  0.00  ----   7.0  12:22p   WSW
 6  64.6  77.4   5:23p  58.6   5:57a   0.0   3.8  0.00  ----  12.0   3:23a   WSW
 7  62.4  73.8   5:01p  56.3   3:15a   0.0   3.8  0.10  ----   7.0   4:32a     W
 8  61.8  72.9   3:45p  54.5   4:03a   0.0   3.8  0.14  ----  12.0   3:12p   WSW
 9  66.3  76.3   4:02p  54.1   6:18a   0.0   3.8  0.00  ----   7.0  10:45a   WSW
10  69.9  82.1   4:34p  56.6   5:57a   0.0   3.8  0.00  ----  10.0   1:44p   WSW
11  74.1  89.1   3:34p  59.0   5:44a   0.0   3.8  0.00  ----   5.0  12:48p   WSW
12  69.8  74.1   3:57p  67.3   5:18a   0.0   3.8  0.00   0.0   7.0   9:54a   WSW
13  77.1  90.8   2:53p  63.5   5:57a   0.1  12.2  0.00   0.1   6.0  12:11p     W
14  72.1  82.5   4:53p  63.6   6:18a   0.1   7.1  0.00   0.0   7.0   1:09p   WSW
15  70.5  82.5   2:25p  60.2   6:38a   0.7   6.2  0.00   0.0   6.0  11:11a   WSW
16  63.9  70.2   3:49p  56.4  11:52p   1.7   0.7  0.00   0.0   6.0  10:18a   WNW
17  59.0  66.9   6:45p  54.2   3:32a   6.1   0.2  0.02   0.0   4.0   5:44p   ---
18  63.5  75.5   2:49p  50.6   6:10a   4.7   3.2  0.00   0.0   5.0   1:35p   WSW
19  66.8  76.8   3:29p  57.5   5:14a   1.8   3.5  0.00   0.0   5.0  10:45a     W
20  61.5  66.1   3:16p  58.7  10:28p   3.5   0.0  0.00   0.0   7.0   4:08p   WSW
21  62.5  69.6   3:13p  57.2   1:08a   3.2   0.7  0.00   0.0   5.0   3:41p   WSW
22  59.6  64.8   2:57p  53.5   9:50p   5.4   0.0  0.00   0.0   8.0   4:35a     N
23  60.0  70.1   2:54p  52.6  12:36a   5.8   0.7  0.00   0.0   6.0  11:49a   NNW
24  61.6  74.3   3:15p  49.1   6:50a   5.7   2.4  0.00   0.1   7.0  12:28p     W
25  63.2  77.8   2:11p  49.5   6:05a   4.9   3.1  0.00   0.0   7.0   2:24p   WSW
26  63.2  72.2   1:55p  58.3  11:42p   3.0   1.2  0.02   0.0   8.0   4:22p    SW
27  58.6  65.8   5:31p  51.9  11:47p   6.5   0.0  0.15   0.0   4.0   6:13p   ---
28  61.2  74.8   3:03p  48.3   6:20a   6.0   2.2  0.00   0.1   8.0   2:36p     W
29  62.8  74.4   3:02p  50.9   6:36a   4.9   2.7  0.00   0.1   9.0   2:28p     W
30  57.0  62.7   4:13p  50.3   4:32a   8.0   0.0  0.00   0.0   9.0   7:54p   NNE
31  56.1  63.7   1:20p  48.4  11:56p   8.9   0.0  0.00   0.0  10.0   9:16a   ENE
----------------------------------------------------------------------------------
    65.4  90.8    13    48.3    28    81.0  91.7  0.43   0.0  13.0     4       W

Max >=  80.0: 10
Max <=  32.0:  0
Min <=  32.0:  0
Min <=   0.0:  0
Max Rain: 0.15 on day 27
Days of Rain: 5 (>= 0.01 in)  3 (>= 0.10 in)  0 (>= 1.00 in)
Heat Base: 65.0  Cool Base: 65.0  Method: Integration
:Now::Gauges::Today::Yesterday::This Month::Monthly Records::This Year::Data Summary::NOAA Style Reports::Records::Trends::Sky Cam::Discussion::Air Quality::Mobile Display Site::System Info: