Brier Weather Station

:Now::Gauges::Today::Yesterday::This Month::Monthly Records::This Year::Data Summary::Records::Trends::System Info:

 Latitude N 47° 46' 49"    Longitude W 122° 16' 48"    Elevation 341 ft

Select a Year or Month report

Report for 2017 Feb
                   Monthly Climatological Summary for Feb 2017

Name: Brierweather   City: Brier   State: Wa
Elevation: 341 ft  Lat: N 47 46' 49"   Lon: W 122 16' 48"

                  Temperature (F), Rain (in), Wind Speed (mph)

                                      Heat  Cool        Avg
    Mean                              Deg   Deg         Wind                 Dom
Day Temp  High   Time   Low    Time   Days  Days  Rain  Speed High   Time    Dir
----------------------------------------------------------------------------------
 1  31.8  43.1   2:45p  25.2  11:28p  33.2   0.0  0.00   0.4  10.0  12:47p   ENE
 2  30.7  42.0   3:09p  22.1   7:17a  34.3   0.0  0.00   0.0   4.0  11:59a     S
 3  35.4  39.2  11:57a  31.9  12:59a  29.6   0.0  0.55   0.1   5.0  11:57a     E
 4  41.8  44.5   9:14a  37.3  12:00a  23.2   0.0  0.56   0.1  13.0  11:42p    SW
 5  36.5  39.8  12:00a  33.4  11:56p  28.5   0.0  0.24   0.5  13.0  12:35a   WNW
 6  33.2  36.9   4:03p  29.9   6:58a  31.8   0.0  0.13   0.6  11.0   1:43a     W
 7  33.1  38.1   2:03p  29.5   7:44a  31.9   0.0  0.09   0.6  10.0   1:05p     W
 8  35.3  38.7  11:52p  32.1  12:21a  29.7   0.0  0.67   0.0   5.0   2:44p    NE
 9  48.0  54.7   1:26p  38.4  12:00a  17.0   0.0  1.15   1.3  22.0   1:55p   WSW
10  42.7  45.8   1:43p  35.9  11:54p  22.3   0.0  0.13   0.9  18.0   4:31p     W
11  39.7  45.8   2:58p  33.0  11:53p  25.3   0.0  0.00   0.0   5.0   1:28p    SW
12  37.8  48.5   3:40p  32.3   6:03a  27.2   0.0  0.00   0.3   8.0   1:46p   WNW
13  40.2  54.3   3:23p  31.5   5:47a  24.8   0.0  0.00   0.5   9.0  10:47a   WNW
14  43.4  56.4   3:13p  30.9   6:15a  21.6   0.0  0.16   0.1   5.0  12:32p   WSW
15  48.9  51.2   6:56p  44.7   1:20a  16.1   0.0  1.44   0.0   5.0   3:24p   ESE
16  49.3  52.8   2:19p  45.8  10:19p  15.7   0.0  0.48   0.2   9.0  11:18p    SW
17  45.5  53.3   2:30p  39.1   7:01a  19.5   0.0  0.00   1.2  13.0   4:38p     W
18  43.5  45.0   1:13p  42.0   7:03a  21.5   0.0  0.09   0.3   7.0   3:06a   WNW
19  43.0  47.8  12:15p  38.2   6:21a  22.0   0.0  0.16   0.1   6.0  11:27a   SSE
20  42.6  45.2  10:55a  39.4   1:37a  22.4   0.0  0.19   0.2   8.0  10:30a     W
21  42.3  48.4   4:00p  38.1  11:55p  22.7   0.0  0.21   0.6   9.0  10:04a    NW
22  38.2  45.6   2:55p  32.9  11:49p  26.8   0.0  0.01   0.4   8.0   3:06p   WSW
23  36.2  42.4  12:11p  32.2   5:33a  28.8   0.0  0.00   0.2   6.0  12:00p     W
24  37.5  44.8   3:02p  32.1   9:38p  27.5   0.0  0.00   0.3   7.0  12:01p    SW
25  36.7  43.4   1:53p  29.3   4:51a  28.2   0.0  0.03   0.1   5.0   7:12p   WSW
26  37.5  41.4   1:39p  33.5   8:23a  27.5   0.0  0.37   0.6  11.0   2:43p     W
27  34.9  39.7   2:21p  33.1  11:36p  30.1   0.0  0.22   0.1  12.0   3:09p   WSW
28  37.8  43.3   3:53p  31.7   4:32a  27.2   0.0  0.07   0.4  12.0  10:13p    NW
----------------------------------------------------------------------------------
    39.4  56.4    14    22.1     2   716.4   0.0  6.95   0.4  22.0     9       W

Max >=  80.0:  0
Max <=  32.0:  0
Min <=  32.0:  9
Min <=   0.0:  0
Max Rain: 1.44 on day 15
Days of Rain: 20 (>= 0.01 in)  15 (>= 0.10 in)  2 (>= 1.00 in)
Heat Base: 65.0  Cool Base: 65.0  Method: Integration
:Now::Gauges::Today::Yesterday::This Month::Monthly Records::This Year::Data Summary::Records::Trends::System Info: