Brier Weather Station

:Now::Gauges::Today::Yesterday::This Month::Monthly Records::This Year::Data Summary::Records::Trends::System Info:

 Latitude N 47° 46' 49"    Longitude W 122° 16' 48"    Elevation 341 ft

Select a Year or Month report

Report for 2015 Jun
                   Monthly Climatological Summary for Jun 2015

Name: Brierweather   City: Brier   State: Wa
Elevation: 341 ft  Lat: N 47 46' 49"   Lon: W 122 16' 48"

                  Temperature (F), Rain (in), Wind Speed (mph)

                                      Heat  Cool        Avg
    Mean                              Deg   Deg         Wind                 Dom
Day Temp  High   Time   Low    Time   Days  Days  Rain  Speed High   Time    Dir
----------------------------------------------------------------------------------
 1  56.9  62.5   2:27p  52.8   5:10a   8.1   0.0  0.08   0.4   9.0   2:35p   WSW
 2  57.7  63.3   3:01p  54.0  11:51p   7.3   0.0  0.16   0.6  11.0   4:00a   WSW
 3  56.6  64.3   4:32p  52.8   5:07a   8.4   0.0  0.31   0.6   9.0   5:03p   NNW
 4  59.3  69.9   2:27p  48.8   5:01a   6.5   0.8  0.00   1.3  12.0   4:07p     W
 5  63.1  76.4   2:41p  49.3   5:19a   5.1   3.2  0.00   1.4  12.0   1:17p     W
 6  66.1  80.0   4:04p  50.1   4:52a   4.2   5.3  0.00   1.1  11.0   1:50p     W
 7  69.2  81.6   3:11p  54.5   6:09a   2.2   6.3  0.00   1.3  11.0   1:50p     W
 8  68.1  81.2   1:22p  55.3   4:14a   2.5   5.6  0.00   1.4  11.0   8:15p     W
 9  66.5  81.5   3:18p  53.3   3:12a   3.3   4.8  0.00   1.3   9.0   4:09p     W
10  64.1  77.4   4:02p  49.6   5:37a   4.6   3.7  0.00   0.8   9.0   2:50p   WSW
11  61.3  75.2   2:26p  49.5   4:59a   5.7   2.0  0.00   1.4  13.0   7:52p   NNW
12  59.2  69.2   2:33p  51.7  11:59p   6.1   0.3  0.00   0.8  11.0   5:18p   WSW
13  59.8  72.3   3:08p  45.9   4:49a   6.8   1.7  0.00   1.1  10.0   5:57p     W
14  63.3  75.7   5:41p  47.4   5:07a   5.0   3.3  0.00   1.6  11.0  10:58a     W
15  65.9  80.2   2:38p  51.3   5:07a   3.9   4.8  0.00   1.3  12.0   4:02p     W
16  60.4  70.3   3:01p  52.4   3:43a   5.7   1.1  0.00   1.1  12.0  12:43p     W
17  61.0  74.9   3:49p  48.2   5:43a   5.9   1.9  0.00   1.2  11.0   7:32p   WNW
18  62.6  73.5   2:54p  55.2   5:30a   4.1   1.7  0.00   1.0  12.0   6:08p   WNW
19  61.0  70.1   2:53p  56.1   6:26a   4.7   0.7  0.05   1.1  11.0   5:39p    NW
20  61.1  71.9   1:59p  48.0   5:34a   5.6   1.7  0.00   1.5  14.0   3:23p     W
21  63.4  76.2   6:14p  49.6   4:44a   4.6   3.0  0.00   1.2  11.0   8:47a     W
22  62.2  73.2   3:57p  52.2   4:04a   4.7   1.9  0.00   1.1  10.0  10:42a     W
23  63.3  78.3   4:04p  48.8   5:42a   5.1   3.5  0.00   1.0  10.0   1:44p     W
24  66.5  75.1  12:24p  58.1   6:31a   1.8   3.3  0.00   0.9   9.0   7:15p     W
25  69.1  85.1   2:29p  54.5   5:12a   2.7   6.8  0.00   1.2  11.0   5:13p   WSW
26  71.7  83.3   3:16p  60.1   3:47a   0.7   7.4  0.00   1.7  11.0  12:47p     W
27  72.7  88.3   4:12p  57.5   5:22a   1.4   9.1  0.00   1.3  12.0   4:57p    NW
28  71.2  79.0   2:31p  61.2   5:09a   0.5   6.7  0.00   0.7  11.0   9:51p     W
29  74.7  87.2   3:27p  64.1   5:45a   0.0   9.7  0.00   0.8   9.0   1:44p   WSW
30  71.2  85.3   3:27p  60.3   5:34a   0.7   6.8  0.00   1.1  11.0   5:23p     W
----------------------------------------------------------------------------------
    64.3  88.3    27    45.9    13   127.9 107.1  0.60   1.1  14.0    20       W

Max >=  80.0: 10
Max <=  32.0:  0
Min <=  32.0:  0
Min <=   0.0:  0
Max Rain: 0.31 on day 3
Days of Rain: 4 (>= 0.01 in)  2 (>= 0.10 in)  0 (>= 1.00 in)
Heat Base: 65.0  Cool Base: 65.0  Method: Integration
:Now::Gauges::Today::Yesterday::This Month::Monthly Records::This Year::Data Summary::Records::Trends::System Info: