Brier Weather Station

:Now::Gauges::Today::Yesterday::This Month::Monthly Records::This Year::Data Summary::Records::Trends::System Info:

 Latitude N 47° 46' 49"    Longitude W 122° 16' 48"    Elevation 341 ft

Select a Year or Month report

Report for 2014 Jun
                   Monthly Climatological Summary for Jun 2014

Name: Brierweather   City: Brier   State: Wa
Elevation: 341 ft  Lat: N 47 46' 49"   Lon: W 122 16' 48"

                  Temperature (F), Rain (in), Wind Speed (mph)

                                      Heat  Cool        Avg
    Mean                              Deg   Deg         Wind                 Dom
Day Temp  High   Time   Low    Time   Days  Days  Rain  Speed High   Time    Dir
----------------------------------------------------------------------------------
 1  59.5  72.2   4:35p  48.8   5:06a   6.8   1.2  0.00   0.7   8.0  11:59a   WSW
 2  61.7  74.6   3:28p  50.1   4:40a   5.5   2.3  0.00   1.1   8.0  10:50a   WSW
 3  58.2  64.8   2:40p  51.8   3:38a   6.8   0.0  0.00   0.5   9.0   2:33p   WSW
 4  58.3  68.8   3:28p  49.2   3:42a   7.1   0.4  0.00   1.0  10.0   1:50p   WSW
 5  58.7  72.3   3:20p  45.3   5:40a   7.7   1.4  0.00   0.9   9.0   3:38p   WSW
 6  60.3  74.6   3:41p  45.8   5:17a   6.8   2.1  0.00   1.2  11.0   3:58p     W
 7  62.0  74.1   2:07p  54.0   3:19a   4.7   1.8  0.00   1.1  11.0   3:45p     W
 8  62.2  74.9   4:06p  51.2   5:04a   4.9   2.1  0.03   0.9  10.0   6:22p     W
 9  59.0  68.7   2:06p  51.8  11:57p   6.0   0.1  0.02   1.2  11.0   4:15p     W
10  56.3  65.5   3:46p  48.0   5:05a   8.7   0.0  0.00   0.3   7.0   1:43p     W
11  60.0  73.9   3:09p  46.3   5:14a   6.6   1.6  0.00   1.1  11.0   3:27p     W
12  60.3  71.2   3:46p  53.5   5:17a   5.3   0.7  0.00   0.7  11.0   2:45p   WSW
13  55.3  58.7   2:51p  52.8   6:03a   9.7   0.0  0.30   0.1   5.0   5:13a   WSW
14  55.7  60.7   4:20p  52.4   5:28a   9.3   0.0  0.01   0.3   8.0  12:54p     W
15  53.7  60.8   3:09p  49.3  11:52p  11.3   0.0  0.28   0.6  10.0   5:25p   NNW
16  54.1  63.8   4:15p  48.7   1:37a  10.9   0.0  0.12   0.5   8.0   4:22p     W
17  56.5  63.8   1:51p  51.2   6:15a   8.5   0.0  0.05   0.2   7.0   1:10p    SW
18  57.7  65.8   3:52p  51.7  11:55p   7.3   0.0  0.00   0.3   7.0   3:12p    SW
19  62.0  75.5   4:39p  50.7   1:06a   5.2   2.2  0.09   0.8  11.0   5:09p    SW
20  56.6  64.3   1:50p  50.2   5:40a   8.4   0.0  0.10   0.8  10.0   1:47a   NNW
21  58.7  70.0   3:52p  46.9   6:01a   7.1   0.8  0.00   1.6  13.0   3:22p     W
22  60.9  73.9   4:40p  46.1   5:11a   6.3   2.1  0.00   1.3   9.0   8:17a     W
23  63.8  78.4   1:45p  52.1   3:45a   3.8   2.6  0.02   0.8   8.0   4:24p   WSW
24  64.4  75.3   4:19p  57.2  12:45a   3.2   2.6  0.00   0.4   7.0   1:06p    SW
25  64.7  74.0   3:02p  55.6   4:24a   2.8   2.5  0.00   1.3  13.0   2:05p     W
26  63.7  72.4   4:12p  58.8  11:57p   2.3   0.9  0.00   0.6  11.0   7:18p   SSW
27  61.8  72.7   3:24p  56.3   4:36a   3.9   0.7  0.11   0.6  12.0  11:26a   WSW
28  62.0  71.4   3:56p  55.5  11:43p   4.0   0.9  0.04   0.7  12.0   5:25p    SW
29  60.7  69.2   3:49p  53.8   4:09a   4.8   0.5  0.00   0.5   9.0   3:20p     W
30  63.1  75.8   2:41p  51.6   3:23a   4.5   2.6  0.00   1.6  12.0  12:37p     W
----------------------------------------------------------------------------------
    59.7  78.4    23    45.3     5   190.2  32.1  1.17   0.8  13.0    21       W

Max >=  80.0:  0
Max <=  32.0:  0
Min <=  32.0:  0
Min <=   0.0:  0
Max Rain: 0.30 on day 13
Days of Rain: 12 (>= 0.01 in)  5 (>= 0.10 in)  0 (>= 1.00 in)
Heat Base: 65.0  Cool Base: 65.0  Method: Integration
:Now::Gauges::Today::Yesterday::This Month::Monthly Records::This Year::Data Summary::Records::Trends::System Info: