Brier Weather Station

:Now::Gauges::Today::Yesterday::This Month::Monthly Records::This Year::Data Summary::Records::Trends::System Info:

 Latitude N 47° 46' 49"    Longitude W 122° 16' 48"    Elevation 341 ft

Select a Year or Month report

Report for 2014 Feb
                   Monthly Climatological Summary for Feb 2014

Name: Brierweather   City: Brier   State: Wa
Elevation: 341 ft  Lat: N 47 46' 49"   Lon: W 122 16' 48"

                  Temperature (F), Rain (in), Wind Speed (mph)

                                      Heat  Cool        Avg
    Mean                              Deg   Deg         Wind                 Dom
Day Temp  High   Time   Low    Time   Days  Days  Rain  Speed High   Time    Dir
----------------------------------------------------------------------------------
 1  37.9  43.7   2:00p  31.4  11:54p  27.1   0.0  0.00   0.0   3.0  12:02p     E
 2  35.6  43.2   1:48p  28.9   7:56a  29.4   0.0  0.01   0.5   9.0   4:47p     W
 3  34.0  37.7   2:39p  29.5  11:28p  31.0   0.0  0.00   1.6  16.0  12:11p     W
 4  30.7  36.3   1:38p  25.1  11:59p  34.3   0.0  0.00   0.2   7.0   2:30p   NNE
 5  23.2  29.6   2:46p  15.9  11:43p  41.8   0.0  0.00   0.4   9.0   1:59p     E
 6  22.9  29.0   3:05p  15.1   4:30a  42.1   0.0  0.00   0.1   5.0  11:38a   NNE
 7  28.4  35.0   3:07p  19.7   3:20a  36.6   0.0  0.00   0.6  10.0   2:09p     N
 8  31.7  39.3   1:47p  23.8   8:17a  33.3   0.0  0.00   0.4   8.0  12:53p     N
 9  33.5  36.8   4:00p  31.1  12:31a  31.5   0.0  0.11   0.0   3.0  11:37a     E
10  41.3  48.2   3:38p  34.2  12:50a  23.7   0.0  0.37   0.8  13.0   1:29p     W
11  44.3  50.1   1:02p  35.5   6:53a  20.7   0.0  0.46   0.2   8.0  12:07a     S
12  47.3  50.9   3:50p  44.1  12:30a  17.7   0.0  0.14   0.9  18.0   6:14a     W
13  46.7  53.4   2:19p  41.2   7:45p  18.3   0.0  0.01   1.4  17.0  10:52a   WSW
14  46.3  51.7   1:18p  38.7  11:28p  18.7   0.0  0.20   1.3  21.0  10:06a   WSW
15  41.5  48.5   7:10p  34.4   5:56a  23.5   0.0  0.38   0.8  21.0   7:55p    SW
16  41.7  45.1   2:12p  38.2   5:27a  23.3   0.0  1.16   1.5  20.0  12:54a    SW
17  41.7  46.5   3:04p  37.3   7:27p  23.3   0.0  0.04   0.7  13.0   2:40p    SW
18  42.7  46.6   3:11p  37.1  10:57p  22.3   0.0  0.44   0.7  16.0  12:37p    SW
19  40.6  45.4   1:41p  33.9   6:58a  24.4   0.0  0.02   0.5  11.0   1:45a   SSW
20  44.5  50.4   1:41p  39.8  11:59p  20.5   0.0  0.04   0.4  10.0   8:28p   WSW
21  39.9  43.5  11:45a  36.1  10:53p  25.1   0.0  0.00   0.6   9.0  10:34a    NW
22  36.3  39.7   2:53p  32.5   5:43a  28.7   0.0  0.27   0.0   2.0   9:06a   ---
23  39.2  42.1   1:47p  36.8   8:27p  25.8   0.0  0.25   0.2   4.0  12:34a   WSW
24  39.3  42.2   1:54p  36.9   1:20a  25.7   0.0  0.35   0.3   7.0   5:24p   WNW
25  41.2  49.0   3:43p  35.5  11:57p  23.8   0.0  0.01   0.8   9.0   1:46p     W
26  43.6  54.5   2:37p  33.5   6:53a  21.4   0.0  0.00   0.3   5.0  11:10a   WSW
27  44.9  52.1   1:15p  37.9   2:56a  20.1   0.0  0.00   0.5   8.0  11:29a     W
28  45.5  51.2   2:17p  38.5  11:33p  19.5   0.0  0.00   2.1  15.0   3:58p     W
----------------------------------------------------------------------------------
    38.8  54.5    26    15.1     6   733.6   0.0  4.26   0.6  21.0    14     WSW

Max >=  80.0:  0
Max <=  32.0:  2
Min <=  32.0:  9
Min <=   0.0:  0
Max Rain: 1.16 on day 16
Days of Rain: 17 (>= 0.01 in)  11 (>= 0.10 in)  1 (>= 1.00 in)
Heat Base: 65.0  Cool Base: 65.0  Method: Integration
:Now::Gauges::Today::Yesterday::This Month::Monthly Records::This Year::Data Summary::Records::Trends::System Info: